-- http://www.phpmyadmin.net
--


--
-- Database: `11_COMP23420_I1`
--

-- --------------------------------------------------------

--
-- Table structure for table `area`
--

CREATE TABLE IF NOT EXISTS `area` (
  `area_id` int(11) NOT NULL auto_increment,
  `name` varchar(25) default NULL,
  `code` varchar(5) default NULL,
  PRIMARY KEY  (`area_id`)
) ENGINE=InnoDB  DEFAULT CHARSET=latin1 AUTO_INCREMENT=222 ;

--
-- Dumping data for table `area`
--

INSERT INTO `area` (`area_id`, `name`, `code`) VALUES
(209, 'Stockport', 'SKP'),
(210, 'Romiley', 'ROM'),
(211, 'Compstall', 'CPL'),
(212, 'Marple', 'MPL'),
(213, 'Offerton', 'OFN'),
(214, 'Strines', 'STR'),
(215, 'New Mills', 'NML'),
(216, 'Birch Vale', 'BVL'),
(217, 'Hayfield', 'HAY'),
(218, 'Newtown', 'NTN'),
(219, 'Low Leighton', 'LOL'),
(220, 'Thornsett', 'THO'),
(221, 'Glossop', 'GLP');

-- --------------------------------------------------------

--
-- Table structure for table `bus`
--

CREATE TABLE IF NOT EXISTS `bus` (
  `bus_id` int(11) NOT NULL auto_increment,
  `number` varchar(5) default NULL,
  PRIMARY KEY  (`bus_id`)
) ENGINE=InnoDB  DEFAULT CHARSET=latin1 AUTO_INCREMENT=586 ;

--
-- Dumping data for table `bus`
--

INSERT INTO `bus` (`bus_id`, `number`) VALUES
(561, '55924'),
(562, '82488'),
(563, '80191'),
(564, '20857'),
(565, '11901'),
(566, '3195'),
(567, '13243'),
(568, '59538'),
(569, '16881'),
(570, '14687'),
(571, '73518'),
(572, '66498'),
(573, '70114'),
(574, '18078'),
(575, '25106'),
(576, '13176'),
(577, '36353'),
(578, '98290'),
(579, '69373'),
(580, '60766'),
(581, '2979'),
(582, '94237'),
(583, '52754'),
(584, '16276'),
(585, '9083');

-- --------------------------------------------------------

--
-- Table structure for table `bus_availability`
--

CREATE TABLE IF NOT EXISTS `bus_availability` (
  `bus_availability_id` int(11) NOT NULL auto_increment,
  `available` tinyint(4) default NULL,
  `day` datetime default NULL,
  `bus` int(11) default NULL,
  PRIMARY KEY  (`bus_availability_id`)
) ENGINE=InnoDB DEFAULT CHARSET=latin1 AUTO_INCREMENT=1 ;

--
-- Dumping data for table `bus_availability`
--


-- --------------------------------------------------------

--
-- Table structure for table `bus_stop`
--

CREATE TABLE IF NOT EXISTS `bus_stop` (
  `bus_stop_id` int(11) NOT NULL auto_increment,
  `area` int(11) default NULL,
  `name` varchar(45) default NULL,
  `location` varchar(45) default NULL,
  PRIMARY KEY  (`bus_stop_id`)
) ENGINE=InnoDB  DEFAULT CHARSET=latin1 AUTO_INCREMENT=818 ;

--
-- Dumping data for table `bus_stop`
--

INSERT INTO `bus_stop` (`bus_stop_id`, `area`, `name`, `location`) VALUES
(770, 209, 'Bus Station', ''),
(771, 209, 'Intermediate Road', ''),
(772, 209, 'Dialstone Lane/Hillcrest Road', ''),
(773, 212, 'Navigation Hotel', ''),
(774, 212, 'Back of Beyond', ''),
(775, 212, 'Norfolk Arms', ''),
(776, 210, 'Corcoran Drive', ''),
(777, 210, 'Train Station', ''),
(778, 210, 'Frog and Diver Arms', ''),
(779, 209, 'Lower Bents Lane/Stockport Road', ''),
(780, 209, 'Bus Station', ''),
(781, 209, 'Bus Station', ''),
(782, 209, 'Asda/Sainsbury''s', ''),
(783, 209, 'Lower Bents Lane/Stockport Road', ''),
(784, 210, 'Train Station', ''),
(785, 210, 'Corcoran Drive', ''),
(786, 212, 'Norfolk Arms', ''),
(787, 212, 'Navigation Hotel', ''),
(788, 209, 'Dialstone Lane/Hillcrest Road', ''),
(789, 209, 'Bus Station', ''),
(790, 221, 'Henry Street', ''),
(791, 221, 'Grouse Inn', ''),
(792, 221, 'Little Hayfield', ''),
(793, 217, 'Bus Station', ''),
(794, 216, 'Grouse Hotel', ''),
(795, 220, 'Printers Arms', ''),
(796, 219, 'Ollerset View Hospital', ''),
(797, 218, 'Train Station', ''),
(798, 215, 'Bus Station', ''),
(799, 214, 'Royal Oak', ''),
(800, 212, 'Navigation Hotel', ''),
(801, 212, 'Navigation Hotel', ''),
(802, 212, 'Offerton Fold', ''),
(803, 209, 'Bus Station', ''),
(804, 209, 'Bus Station', ''),
(805, 212, 'Offerton Fold', ''),
(806, 212, 'Navigation Hotel', ''),
(807, 212, 'Navigation Hotel', ''),
(808, 214, 'Royal Oak', ''),
(809, 215, 'Bus Station', ''),
(810, 218, 'Train Station', ''),
(811, 219, 'Ollerset View Hospital', ''),
(812, 220, 'Printers Arms', ''),
(813, 216, 'Grouse Hotel', ''),
(814, 217, 'Bus Station', ''),
(815, 221, 'Little Hayfield', ''),
(816, 221, 'Grouse Inn', ''),
(817, 221, 'Henry Street', '');

-- --------------------------------------------------------

--
-- Table structure for table `daily_timetable`
--

CREATE TABLE IF NOT EXISTS `daily_timetable` (
  `daily_timetable_id` int(11) NOT NULL auto_increment,
  `kind` int(11) default NULL,
  `route` int(11) default NULL,
  PRIMARY KEY  (`daily_timetable_id`)
) ENGINE=InnoDB  DEFAULT CHARSET=latin1 AUTO_INCREMENT=205 ;

--
-- Dumping data for table `daily_timetable`
--

INSERT INTO `daily_timetable` (`daily_timetable_id`, `kind`, `route`) VALUES
(193, 0, 65),
(194, 1, 65),
(195, 2, 65),
(196, 0, 66),
(197, 1, 66),
(198, 2, 66),
(199, 0, 67),
(200, 1, 67),
(201, 2, 67),
(202, 0, 68),
(203, 1, 68),
(204, 2, 68);

-- --------------------------------------------------------

--
-- Table structure for table `driver`
--

CREATE TABLE IF NOT EXISTS `driver` (
  `driver_id` int(11) NOT NULL auto_increment,
  `name` varchar(45) default NULL,
  `number` varchar(5) default NULL,
  `holidays_taken` int(11) default NULL,
  `hours_this_year` int(11) default NULL,
  `hours_this_week` int(11) default NULL,
  PRIMARY KEY  (`driver_id`)
) ENGINE=InnoDB  DEFAULT CHARSET=latin1 AUTO_INCREMENT=2082 ;

--
-- Dumping data for table `driver`
--

INSERT INTO `driver` (`driver_id`, `name`, `number`, `holidays_taken`, `hours_this_year`, 
`hours_this_week`) VALUES
(2012, 'Varun Aggarwal', '60167', 0, 0, 0),
(2013, 'Mohammed Al Dhaheri', '2869', 0, 0, 0),
(2014, 'Wajood Al-Amri', '94923', 0, 0, 0),
(2015, 'Waud Al-Amri', '32007', 0, 0, 0),
(2016, 'Khalid Al-Ghamdi', '36126', 0, 0, 0),
(2017, 'Shahid Ali', '40155', 0, 0, 0),
(2018, 'Fatimah Aljumah', '46901', 0, 0, 0),
(2019, 'Dalal Allawati', '1392', 0, 0, 0),
(2020, 'Ahmed Almuhrij', '8213', 0, 0, 0),
(2021, 'Richard Ankers', '15437', 0, 0, 0),
(2022, 'James Anstis', '87125', 0, 0, 0),
(2023, 'Efe Arda', '89873', 0, 0, 0),
(2024, 'Hessom Arta', '70790', 0, 0, 0),
(2025, 'Benjamin Attwood', '75153', 0, 0, 0),
(2026, 'Christopher Atty', '51901', 0, 0, 0),
(2027, 'Marina Bambang', '46106', 0, 0, 0),
(2028, 'Daniel Baneth', '15251', 0, 0, 0),
(2029, 'Thomas Barry', '16215', 0, 0, 0),
(2030, 'Joshua Barth', '52690', 0, 0, 0),
(2031, 'Ganesh Ram Baskaran', '63402', 0, 0, 0),
(2032, 'James Bedford', '36933', 0, 0, 0),
(2033, 'Daniel Belden', '38087', 0, 0, 0),
(2034, 'Robert Berry', '2425', 0, 0, 0),
(2035, 'Matthew Betteridge', '6771', 0, 0, 0),
(2036, 'Alexander Beveridge', '71933', 0, 0, 0),
(2037, 'Thomas Blatchford', '84816', 0, 0, 0),
(2038, 'Jonathan Blood', '46829', 0, 0, 0),
(2039, 'Danya Bouskouchi', '82029', 0, 0, 0),
(2040, 'Sasha Brogan', '95659', 0, 0, 0),
(2041, 'John Brookes', '93180', 0, 0, 0),
(2042, 'David Buckley', '42545', 0, 0, 0),
(2043, 'Paul Burton', '72122', 0, 0, 0),
(2044, 'Philip Byrnes', '87783', 0, 0, 0),
(2045, 'Monique Cadman', '14354', 0, 0, 0),
(2046, 'Daniel Caley', '58415', 0, 0, 0),
(2047, 'Samuel Cartwright', '23388', 0, 0, 0),
(2048, 'Thomas Cass', '87712', 0, 0, 0),
(2049, 'Joelson Castro', '16403', 0, 0, 0),
(2050, 'Andrew Chambers', '78313', 0, 0, 0),
(2051, 'Ka Chan', '90921', 0, 0, 0),
(2052, 'Wayes Chawdoury', '35609', 0, 0, 0),
(2053, 'Tsz Cheng', '28673', 0, 0, 0),
(2054, 'Min Ping Chi', '19555', 0, 0, 0),
(2055, 'Patrick Chow', '42978', 0, 0, 0),
(2056, 'Gengxian Chua', '10762', 0, 0, 0),
(2057, 'Daniel Cohen', '8438', 0, 0, 0),
(2058, 'Benjamin Cope', '79279', 0, 0, 0),
(2059, 'Stephen Cornelius', '768', 0, 0, 0),
(2060, 'Antoine Cox', '58912', 0, 0, 0),
(2061, 'Lissie Cox', '11946', 0, 0, 0),
(2062, 'Ke Cui', '96042', 0, 0, 0),
(2063, 'Patrick Dallip-Oppong', '6975', 0, 0, 0),
(2064, 'Adam Davies', '77323', 0, 0, 0),
(2065, 'Peter Deas', '67448', 0, 0, 0),
(2066, 'Paul Dickson', '41841', 0, 0, 0),
(2067, 'Adam Dodd', '22080', 0, 0, 0),
(2068, 'Shaun Donnelly', '444', 0, 0, 0),
(2069, 'Rachel Drake', '88151', 0, 0, 0),
(2070, 'Matthew Drumm', '60072', 0, 0, 0),
(2071, 'Hugo Duarte', '51308', 0, 0, 0),
(2072, 'Jurij Dzygalo', '93324', 0, 0, 0),
(2073, 'Dimitrios Efthymiou', '64870', 0, 0, 0),
(2074, 'Amen Ehtisham', '5732', 0, 0, 0),
(2075, 'Andrew Ellyard', '15032', 0, 0, 0),
(2076, 'Enkh-Amar Emerson', '72891', 0, 0, 0),
(2077, 'Samuel Farrington', '15003', 0, 0, 0),
(2078, 'Jack Fox', '2089', 0, 0, 0),
(2079, 'Rory Fox-Braddock', '56435', 0, 0, 0),
(2080, 'Valentin Ganev', '16738', 0, 0, 0),
(2081, 'Stephen Gater', '28513', 0, 0, 0);

-- --------------------------------------------------------

--
-- Table structure for table `driver_availability`
--

CREATE TABLE IF NOT EXISTS `driver_availability` (
  `driver_availability_id` int(11) NOT NULL auto_increment,
  `available` tinyint(4) default NULL,
  `day` datetime default NULL,
  `driver` int(11) default NULL,
  PRIMARY KEY  (`driver_availability_id`)
) ENGINE=InnoDB  DEFAULT CHARSET=latin1 AUTO_INCREMENT=33 ;

--
-- Dumping data for table `driver_availability`
--

-- This table was originally empty.
-- INSERT INTO `driver_availability` (`driver_availability_id`, `available`, `day`, `driver`) 
-- VALUES
-- (1, 0, '2011-02-26 00:00:00', 2014),
-- (2, 0, '2011-02-27 00:00:00', 2014),
-- (3, 0, '2011-02-28 00:00:00', 2014),
-- (4, 0, '2011-03-01 00:00:00', 2014),
-- (5, 0, '2011-03-02 00:00:00', 2014),
-- (6, 0, '2011-03-03 00:00:00', 2014),
-- (7, 0, '2011-03-04 00:00:00', 2014),
-- (8, 0, '2011-03-05 00:00:00', 2014),
-- (9, 0, '2011-04-01 00:00:00', 2015),
-- (10, 0, '2011-04-02 00:00:00', 2015),
-- (11, 0, '2011-04-03 00:00:00', 2015),
-- (12, 0, '2011-02-28 00:00:00', 2052),
-- (13, 0, '2011-03-01 00:00:00', 2052),
-- (14, 0, '2011-03-02 00:00:00', 2052),
-- (15, 0, '2011-03-03 00:00:00', 2052),
-- (16, 0, '2011-03-04 00:00:00', 2052),
-- (17, 0, '2011-03-05 00:00:00', 2052),
-- (18, 0, '2011-03-06 00:00:00', 2052),
-- (19, 0, '2011-03-07 00:00:00', 2052),
-- (20, 0, '2011-03-08 00:00:00', 2052),
-- (21, 0, '2011-03-15 00:00:00', 2052),
-- (22, 0, '2011-03-16 00:00:00', 2052),
-- (23, 0, '2011-03-17 00:00:00', 2052),
-- (24, 0, '2011-03-18 00:00:00', 2052),
-- (25, 0, '2011-03-19 00:00:00', 2052),
-- (26, 0, '2011-03-20 00:00:00', 2052),
-- (27, 0, '2011-02-28 00:00:00', 2065),
-- (28, 0, '2011-03-01 00:00:00', 2065),
-- (29, 0, '2011-03-02 00:00:00', 2065),
-- (30, 0, '2011-03-03 00:00:00', 2065),
-- (31, 0, '2011-03-04 00:00:00', 2065),
-- (32, 0, '2011-03-05 00:00:00', 2065);

-- --------------------------------------------------------

--
-- Table structure for table `path`
--

CREATE TABLE IF NOT EXISTS `path` (
  `path_id` int(11) NOT NULL auto_increment,
  `bus_stop` int(11) default NULL,
  `route` int(11) default NULL,
  `sequence` int(11) default NULL,
  PRIMARY KEY  (`path_id`)
) ENGINE=InnoDB  DEFAULT CHARSET=latin1 AUTO_INCREMENT=818 ;

--
-- Dumping data for table `path`
--

INSERT INTO `path` (`path_id`, `bus_stop`, `route`, `sequence`) VALUES
(770, 770, 65, 1),
(771, 771, 65, 2),
(772, 772, 65, 3),
(773, 773, 65, 4),
(774, 774, 65, 5),
(775, 775, 65, 6),
(776, 776, 65, 7),
(777, 777, 65, 8),
(778, 778, 65, 9),
(779, 779, 65, 10),
(780, 780, 65, 11),
(781, 781, 66, 1),
(782, 782, 66, 2),
(783, 783, 66, 3),
(784, 784, 66, 4),
(785, 785, 66, 5),
(786, 786, 66, 6),
(787, 787, 66, 7),
(788, 788, 66, 8),
(789, 789, 66, 9),
(790, 790, 67, 1),
(791, 791, 67, 2),
(792, 792, 67, 3),
(793, 793, 67, 4),
(794, 794, 67, 5),
(795, 795, 67, 6),
(796, 796, 67, 7),
(797, 797, 67, 8),
(798, 798, 67, 9),
(799, 799, 67, 10),
(800, 800, 67, 11),
(801, 801, 67, 12),
(802, 802, 67, 13),
(803, 803, 67, 14),
(804, 804, 68, 1),
(805, 805, 68, 2),
(806, 806, 68, 3),
(807, 807, 68, 4),
(808, 808, 68, 5),
(809, 809, 68, 6),
(810, 810, 68, 7),
(811, 811, 68, 8),
(812, 812, 68, 9),
(813, 813, 68, 10),
(814, 814, 68, 11),
(815, 815, 68, 12),
(816, 816, 68, 13),
(817, 817, 68, 14);

-- --------------------------------------------------------

--
-- Table structure for table `route`
--

CREATE TABLE IF NOT EXISTS `route` (
  `route_id` int(11) NOT NULL auto_increment,
  `name` varchar(10) default NULL,
  PRIMARY KEY  (`route_id`)
) ENGINE=InnoDB  DEFAULT CHARSET=latin1 AUTO_INCREMENT=69 ;

--
-- Dumping data for table `route`
--

INSERT INTO `route` (`route_id`, `name`) VALUES
(65, '383'),
(66, '384'),
(67, '358out'),
(68, '358back');

-- --------------------------------------------------------

--
-- Table structure for table `service`
--

CREATE TABLE IF NOT EXISTS `service` (
  `service_id` int(11) NOT NULL auto_increment,
  `daily_timetable` int(11) default NULL,
  PRIMARY KEY  (`service_id`)
) ENGINE=InnoDB  DEFAULT CHARSET=latin1 AUTO_INCREMENT=6563 ;

--
-- Dumping data for table `service`
--

INSERT INTO `service` (`service_id`, `daily_timetable`) VALUES
(6177, 193),
(6178, 193),
(6179, 193),
(6180, 193),
(6181, 193),
(6182, 193),
(6183, 193),
(6184, 193),
(6185, 193),
(6186, 193),
(6187, 193),
(6188, 193),
(6189, 193),
(6190, 193),
(6191, 193),
(6192, 193),
(6193, 193),
(6194, 193),
(6195, 193),
(6196, 193),
(6197, 193),
(6198, 193),
(6199, 193),
(6200, 193),
(6201, 193),
(6202, 193),
(6203, 193),
(6204, 193),
(6205, 193),
(6206, 193),
(6207, 193),
(6208, 193),
(6209, 193),
(6210, 193),
(6211, 193),
(6212, 193),
(6213, 193),
(6214, 193),
(6215, 193),
(6216, 193),
(6217, 193),
(6218, 193),
(6219, 193),
(6220, 193),
(6221, 193),
(6222, 193),
(6223, 193),
(6224, 193),
(6225, 193),
(6226, 193),
(6227, 193),
(6228, 193),
(6229, 193),
(6230, 193),
(6231, 193),
(6232, 193),
(6233, 193),
(6234, 193),
(6235, 193),
(6236, 193),
(6237, 193),
(6238, 194),
(6239, 194),
(6240, 194),
(6241, 194),
(6242, 194),
(6243, 194),
(6244, 194),
(6245, 194),
(6246, 194),
(6247, 194),
(6248, 194),
(6249, 194),
(6250, 194),
(6251, 194),
(6252, 194),
(6253, 194),
(6254, 194),
(6255, 194),
(6256, 194),
(6257, 194),
(6258, 194),
(6259, 194),
(6260, 194),
(6261, 194),
(6262, 194),
(6263, 194),
(6264, 194),
(6265, 194),
(6266, 194),
(6267, 194),
(6268, 194),
(6269, 194),
(6270, 194),
(6271, 194),
(6272, 194),
(6273, 194),
(6274, 194),
(6275, 194),
(6276, 194),
(6277, 194),
(6278, 194),
(6279, 194),
(6280, 194),
(6281, 194),
(6282, 194),
(6283, 194),
(6284, 194),
(6285, 194),
(6286, 194),
(6287, 194),
(6288, 194),
(6289, 194),
(6290, 194),
(6291, 195),
(6292, 195),
(6293, 195),
(6294, 195),
(6295, 195),
(6296, 195),
(6297, 195),
(6298, 195),
(6299, 195),
(6300, 195),
(6301, 195),
(6302, 195),
(6303, 195),
(6304, 195),
(6305, 195),
(6306, 195),
(6307, 195),
(6308, 195),
(6309, 195),
(6310, 195),
(6311, 195),
(6312, 195),
(6313, 195),
(6314, 195),
(6315, 195),
(6316, 195),
(6317, 196),
(6318, 196),
(6319, 196),
(6320, 196),
(6321, 196),
(6322, 196),
(6323, 196),
(6324, 196),
(6325, 196),
(6326, 196),
(6327, 196),
(6328, 196),
(6329, 196),
(6330, 196),
(6331, 196),
(6332, 196),
(6333, 196),
(6334, 196),
(6335, 196),
(6336, 196),
(6337, 196),
(6338, 196),
(6339, 196),
(6340, 196),
(6341, 196),
(6342, 196),
(6343, 196),
(6344, 196),
(6345, 196),
(6346, 196),
(6347, 196),
(6348, 196),
(6349, 196),
(6350, 196),
(6351, 196),
(6352, 196),
(6353, 196),
(6354, 196),
(6355, 196),
(6356, 196),
(6357, 196),
(6358, 196),
(6359, 196),
(6360, 196),
(6361, 196),
(6362, 196),
(6363, 196),
(6364, 196),
(6365, 196),
(6366, 196),
(6367, 196),
(6368, 196),
(6369, 196),
(6370, 196),
(6371, 196),
(6372, 196),
(6373, 196),
(6374, 196),
(6375, 196),
(6376, 196),
(6377, 196),
(6378, 196),
(6379, 196),
(6380, 196),
(6381, 197),
(6382, 197),
(6383, 197),
(6384, 197),
(6385, 197),
(6386, 197),
(6387, 197),
(6388, 197),
(6389, 197),
(6390, 197),
(6391, 197),
(6392, 197),
(6393, 197),
(6394, 197),
(6395, 197),
(6396, 197),
(6397, 197),
(6398, 197),
(6399, 197),
(6400, 197),
(6401, 197),
(6402, 197),
(6403, 197),
(6404, 197),
(6405, 197),
(6406, 197),
(6407, 197),
(6408, 197),
(6409, 197),
(6410, 197),
(6411, 197),
(6412, 197),
(6413, 197),
(6414, 197),
(6415, 197),
(6416, 197),
(6417, 197),
(6418, 197),
(6419, 197),
(6420, 197),
(6421, 197),
(6422, 197),
(6423, 197),
(6424, 197),
(6425, 197),
(6426, 197),
(6427, 197),
(6428, 197),
(6429, 197),
(6430, 197),
(6431, 197),
(6432, 197),
(6433, 197),
(6434, 198),
(6435, 198),
(6436, 198),
(6437, 198),
(6438, 198),
(6439, 198),
(6440, 198),
(6441, 198),
(6442, 198),
(6443, 198),
(6444, 198),
(6445, 198),
(6446, 198),
(6447, 198),
(6448, 198),
(6449, 198),
(6450, 198),
(6451, 198),
(6452, 198),
(6453, 198),
(6454, 198),
(6455, 198),
(6456, 198),
(6457, 198),
(6458, 198),
(6459, 198),
(6460, 199),
(6461, 199),
(6462, 199),
(6463, 199),
(6464, 199),
(6465, 199),
(6466, 199),
(6467, 199),
(6468, 199),
(6469, 199),
(6470, 199),
(6471, 199),
(6472, 199),
(6473, 199),
(6474, 199),
(6475, 199),
(6476, 199),
(6477, 199),
(6478, 199),
(6479, 199),
(6480, 200),
(6481, 200),
(6482, 200),
(6483, 200),
(6484, 200),
(6485, 200),
(6486, 200),
(6487, 200),
(6488, 200),
(6489, 200),
(6490, 200),
(6491, 200),
(6492, 200),
(6493, 200),
(6494, 200),
(6495, 200),
(6496, 200),
(6497, 201),
(6498, 201),
(6499, 201),
(6500, 201),
(6501, 201),
(6502, 201),
(6503, 201),
(6504, 201),
(6505, 201),
(6506, 201),
(6507, 201),
(6508, 201),
(6509, 201),
(6510, 201),
(6511, 201),
(6512, 202),
(6513, 202),
(6514, 202),
(6515, 202),
(6516, 202),
(6517, 202),
(6518, 202),
(6519, 202),
(6520, 202),
(6521, 202),
(6522, 202),
(6523, 202),
(6524, 202),
(6525, 202),
(6526, 202),
(6527, 202),
(6528, 202),
(6529, 202),
(6530, 202),
(6531, 203),
(6532, 203),
(6533, 203),
(6534, 203),
(6535, 203),
(6536, 203),
(6537, 203),
(6538, 203),
(6539, 203),
(6540, 203),
(6541, 203),
(6542, 203),
(6543, 203),
(6544, 203),
(6545, 203),
(6546, 203),
(6547, 203),
(6548, 204),
(6549, 204),
(6550, 204),
(6551, 204),
(6552, 204),
(6553, 204),
(6554, 204),
(6555, 204),
(6556, 204),
(6557, 204),
(6558, 204),
(6559, 204),
(6560, 204),
(6561, 204),
(6562, 204);

-- --------------------------------------------------------

--
-- Table structure for table `timetable_line`
--

CREATE TABLE IF NOT EXISTS `timetable_line` (
  `timetable_line_id` int(11) NOT NULL auto_increment,
  `timing_point` int(11) default NULL,
  `service` int(11) default NULL,
  `daily_timetable` int(11) default NULL,
  `time` int(11) default NULL,
  PRIMARY KEY  (`timetable_line_id`)
) ENGINE=InnoDB  DEFAULT CHARSET=latin1 AUTO_INCREMENT=56237 ;

--
-- Dumping data for table `timetable_line`
--

INSERT INTO `timetable_line` (`timetable_line_id`, `timing_point`, `service`, 
`daily_timetable`, `time`) VALUES
(52929, 770, 6177, 193, 340),
(52930, 770, 6178, 193, 359),
(52931, 770, 6179, 193, 375),
(52932, 770, 6180, 193, 384),
(52933, 770, 6181, 193, 396),
(52934, 770, 6182, 193, 407),
(52935, 770, 6183, 193, 420),
(52936, 770, 6184, 193, 435),
(52937, 770, 6185, 193, 450),
(52938, 770, 6186, 193, 462),
(52939, 770, 6187, 193, 475),
(52940, 770, 6188, 193, 490),
(52941, 770, 6189, 193, 514),
(52942, 770, 6190, 193, 537),
(52943, 770, 6191, 193, 557),
(52944, 770, 6192, 193, 575),
(52945, 770, 6193, 193, 592),
(52946, 770, 6194, 193, 607),
(52947, 772, 6177, 193, 352),
(52948, 772, 6178, 193, 371),
(52949, 772, 6179, 193, 387),
(52950, 772, 6180, 193, 396),
(52951, 772, 6181, 193, 408),
(52952, 772, 6182, 193, 419),
(52953, 772, 6183, 193, 434),
(52954, 772, 6184, 193, 449),
(52955, 772, 6185, 193, 464),
(52956, 772, 6186, 193, 477),
(52957, 772, 6187, 193, 491),
(52958, 772, 6188, 193, 506),
(52959, 772, 6189, 193, 528),
(52960, 772, 6190, 193, 551),
(52961, 772, 6191, 193, 570),
(52962, 772, 6192, 193, 588),
(52963, 772, 6193, 193, 604),
(52964, 772, 6194, 193, 619),
(52965, 773, 6177, 193, 364),
(52966, 773, 6178, 193, 383),
(52967, 773, 6179, 193, 399),
(52968, 773, 6180, 193, 408),
(52969, 773, 6181, 193, 420),
(52970, 773, 6182, 193, 435),
(52971, 773, 6183, 193, 450),
(52972, 773, 6184, 193, 465),
(52973, 773, 6185, 193, 480),
(52974, 773, 6186, 193, 495),
(52975, 773, 6187, 193, 510),
(52976, 773, 6188, 193, 525),
(52977, 773, 6189, 193, 544),
(52978, 773, 6190, 193, 567),
(52979, 773, 6191, 193, 586),
(52980, 773, 6192, 193, 601),
(52981, 773, 6193, 193, 616),
(52982, 773, 6194, 193, 631),
(52983, 775, 6177, 193, 368),
(52984, 775, 6178, 193, 387),
(52985, 775, 6179, 193, 403),
(52986, 775, 6180, 193, 412),
(52987, 775, 6181, 193, 426),
(52988, 775, 6182, 193, 441),
(52989, 775, 6183, 193, 456),
(52990, 775, 6184, 193, 471),
(52991, 775, 6185, 193, 486),
(52992, 775, 6186, 193, 501),
(52993, 775, 6187, 193, 516),
(52994, 775, 6188, 193, 531),
(52995, 775, 6189, 193, 550),
(52996, 775, 6190, 193, 573),
(52997, 775, 6191, 193, 590),
(52998, 775, 6192, 193, 605),
(52999, 775, 6193, 193, 620),
(53000, 775, 6194, 193, 635),
(53001, 776, 6177, 193, 374),
(53002, 776, 6178, 193, 393),
(53003, 776, 6179, 193, 409),
(53004, 776, 6180, 193, 418),
(53005, 776, 6181, 193, 432),
(53006, 776, 6182, 193, 447),
(53007, 776, 6183, 193, 462),
(53008, 776, 6184, 193, 477),
(53009, 776, 6185, 193, 492),
(53010, 776, 6186, 193, 507),
(53011, 776, 6187, 193, 522),
(53012, 776, 6188, 193, 537),
(53013, 776, 6189, 193, 556),
(53014, 776, 6190, 193, 579),
(53015, 776, 6191, 193, 596),
(53016, 776, 6192, 193, 611),
(53017, 776, 6193, 193, 626),
(53018, 776, 6194, 193, 641),
(53019, 777, 6177, 193, 379),
(53020, 777, 6178, 193, 398),
(53021, 777, 6179, 193, 414),
(53022, 777, 6180, 193, 423),
(53023, 777, 6181, 193, 439),
(53024, 777, 6182, 193, 454),
(53025, 777, 6183, 193, 469),
(53026, 777, 6184, 193, 484),
(53027, 777, 6185, 193, 499),
(53028, 777, 6186, 193, 514),
(53029, 777, 6187, 193, 529),
(53030, 777, 6188, 193, 544),
(53031, 777, 6189, 193, 563),
(53032, 777, 6190, 193, 584),
(53033, 777, 6191, 193, 601),
(53034, 777, 6192, 193, 616),
(53035, 777, 6193, 193, 631),
(53036, 777, 6194, 193, 646),
(53037, 779, 6177, 193, 386),
(53038, 779, 6178, 193, 405),
(53039, 779, 6179, 193, 421),
(53040, 779, 6180, 193, 436),
(53041, 779, 6181, 193, 452),
(53042, 779, 6182, 193, 467),
(53043, 779, 6183, 193, 482),
(53044, 779, 6184, 193, 497),
(53045, 779, 6185, 193, 512),
(53046, 779, 6186, 193, 527),
(53047, 779, 6187, 193, 542),
(53048, 779, 6188, 193, 557),
(53049, 779, 6189, 193, 576),
(53050, 779, 6190, 193, 591),
(53051, 779, 6191, 193, 608),
(53052, 779, 6192, 193, 623),
(53053, 779, 6193, 193, 638),
(53054, 779, 6194, 193, 653),
(53055, 780, 6177, 193, 400),
(53056, 780, 6178, 193, 419),
(53057, 780, 6179, 193, 437),
(53058, 780, 6180, 193, 452),
(53059, 780, 6181, 193, 467),
(53060, 780, 6182, 193, 485),
(53061, 780, 6183, 193, 500),
(53062, 780, 6184, 193, 515),
(53063, 780, 6185, 193, 530),
(53064, 780, 6186, 193, 545),
(53065, 780, 6187, 193, 560),
(53066, 780, 6188, 193, 575),
(53067, 780, 6189, 193, 590),
(53068, 780, 6190, 193, 605),
(53069, 780, 6191, 193, 622),
(53070, 780, 6192, 193, 637),
(53071, 780, 6193, 193, 652),
(53072, 780, 6194, 193, 667),
(53073, 770, 6195, 193, 622),
(53074, 770, 6196, 193, 637),
(53075, 770, 6197, 193, 652),
(53076, 770, 6198, 193, 667),
(53077, 770, 6199, 193, 682),
(53078, 770, 6200, 193, 697),
(53079, 770, 6201, 193, 712),
(53080, 770, 6202, 193, 727),
(53081, 770, 6203, 193, 742),
(53082, 770, 6204, 193, 757),
(53083, 770, 6205, 193, 772),
(53084, 770, 6206, 193, 787),
(53085, 770, 6207, 193, 802),
(53086, 770, 6208, 193, 817),
(53087, 770, 6209, 193, 832),
(53088, 770, 6210, 193, 847),
(53089, 770, 6211, 193, 862),
(53090, 770, 6212, 193, 877),
(53091, 770, 6213, 193, 892),
(53092, 770, 6214, 193, 907),
(53093, 770, 6215, 193, 922),
(53094, 770, 6216, 193, 937),
(53095, 770, 6217, 193, 952),
(53096, 770, 6218, 193, 967),
(53097, 770, 6219, 193, 982),
(53098, 770, 6220, 193, 997),
(53099, 770, 6221, 193, 1012),
(53100, 770, 6222, 193, 1027),
(53101, 770, 6223, 193, 1042),
(53102, 770, 6224, 193, 1057),
(53103, 770, 6225, 193, 1072),
(53104, 770, 6226, 193, 1087),
(53105, 770, 6227, 193, 1102),
(53106, 770, 6228, 193, 1120),
(53107, 770, 6229, 193, 1140),
(53108, 770, 6230, 193, 1170),
(53109, 772, 6195, 193, 634),
(53110, 772, 6196, 193, 649),
(53111, 772, 6197, 193, 664),
(53112, 772, 6198, 193, 679),
(53113, 772, 6199, 193, 694),
(53114, 772, 6200, 193, 709),
(53115, 772, 6201, 193, 724),
(53116, 772, 6202, 193, 739),
(53117, 772, 6203, 193, 754),
(53118, 772, 6204, 193, 769),
(53119, 772, 6205, 193, 784),
(53120, 772, 6206, 193, 799),
(53121, 772, 6207, 193, 814),
(53122, 772, 6208, 193, 829),
(53123, 772, 6209, 193, 844),
(53124, 772, 6210, 193, 859),
(53125, 772, 6211, 193, 874),
(53126, 772, 6212, 193, 889),
(53127, 772, 6213, 193, 904),
(53128, 772, 6214, 193, 921),
(53129, 772, 6215, 193, 936),
(53130, 772, 6216, 193, 951),
(53131, 772, 6217, 193, 966),
(53132, 772, 6218, 193, 981),
(53133, 772, 6219, 193, 996),
(53134, 772, 6220, 193, 1011),
(53135, 772, 6221, 193, 1026),
(53136, 772, 6222, 193, 1041),
(53137, 772, 6223, 193, 1056),
(53138, 772, 6224, 193, 1071),
(53139, 772, 6225, 193, 1086),
(53140, 772, 6226, 193, 1101),
(53141, 772, 6227, 193, 1114),
(53142, 772, 6228, 193, 1132),
(53143, 772, 6229, 193, 1151),
(53144, 772, 6230, 193, 1181),
(53145, 773, 6195, 193, 646),
(53146, 773, 6196, 193, 661),
(53147, 773, 6197, 193, 676),
(53148, 773, 6198, 193, 691),
(53149, 773, 6199, 193, 706),
(53150, 773, 6200, 193, 721),
(53151, 773, 6201, 193, 736),
(53152, 773, 6202, 193, 751),
(53153, 773, 6203, 193, 766),
(53154, 773, 6204, 193, 781),
(53155, 773, 6205, 193, 796),
(53156, 773, 6206, 193, 811),
(53157, 773, 6207, 193, 826),
(53158, 773, 6208, 193, 841),
(53159, 773, 6209, 193, 856),
(53160, 773, 6210, 193, 871),
(53161, 773, 6211, 193, 886),
(53162, 773, 6212, 193, 901),
(53163, 773, 6213, 193, 920),
(53164, 773, 6214, 193, 937),
(53165, 773, 6215, 193, 952),
(53166, 773, 6216, 193, 967),
(53167, 773, 6217, 193, 982),
(53168, 773, 6218, 193, 997),
(53169, 773, 6219, 193, 1012),
(53170, 773, 6220, 193, 1027),
(53171, 773, 6221, 193, 1042),
(53172, 773, 6222, 193, 1057),
(53173, 773, 6223, 193, 1072),
(53174, 773, 6224, 193, 1087),
(53175, 773, 6225, 193, 1102),
(53176, 773, 6226, 193, 1117),
(53177, 773, 6227, 193, 1126),
(53178, 773, 6228, 193, 1144),
(53179, 773, 6229, 193, 1161),
(53180, 773, 6230, 193, 1191),
(53181, 775, 6195, 193, 650),
(53182, 775, 6196, 193, 665),
(53183, 775, 6197, 193, 680),
(53184, 775, 6198, 193, 695),
(53185, 775, 6199, 193, 710),
(53186, 775, 6200, 193, 725),
(53187, 775, 6201, 193, 740),
(53188, 775, 6202, 193, 755),
(53189, 775, 6203, 193, 770),
(53190, 775, 6204, 193, 785),
(53191, 775, 6205, 193, 800),
(53192, 775, 6206, 193, 815),
(53193, 775, 6207, 193, 830),
(53194, 775, 6208, 193, 845),
(53195, 775, 6209, 193, 860),
(53196, 775, 6210, 193, 875),
(53197, 775, 6211, 193, 890),
(53198, 775, 6212, 193, 905),
(53199, 775, 6213, 193, 924),
(53200, 775, 6214, 193, 941),
(53201, 775, 6215, 193, 956),
(53202, 775, 6216, 193, 971),
(53203, 775, 6217, 193, 986),
(53204, 775, 6218, 193, 1001),
(53205, 775, 6219, 193, 1016),
(53206, 775, 6220, 193, 1031),
(53207, 775, 6221, 193, 1046),
(53208, 775, 6222, 193, 1061),
(53209, 775, 6223, 193, 1076),
(53210, 775, 6224, 193, 1091),
(53211, 775, 6225, 193, 1106),
(53212, 775, 6226, 193, 1121),
(53213, 775, 6227, 193, 1130),
(53214, 775, 6228, 193, 1148),
(53215, 775, 6229, 193, 1165),
(53216, 775, 6230, 193, 1195),
(53217, 776, 6195, 193, 656),
(53218, 776, 6196, 193, 671),
(53219, 776, 6197, 193, 686),
(53220, 776, 6198, 193, 701),
(53221, 776, 6199, 193, 716),
(53222, 776, 6200, 193, 731),
(53223, 776, 6201, 193, 746),
(53224, 776, 6202, 193, 761),
(53225, 776, 6203, 193, 776),
(53226, 776, 6204, 193, 791),
(53227, 776, 6205, 193, 806),
(53228, 776, 6206, 193, 821),
(53229, 776, 6207, 193, 836),
(53230, 776, 6208, 193, 851),
(53231, 776, 6209, 193, 866),
(53232, 776, 6210, 193, 881),
(53233, 776, 6211, 193, 896),
(53234, 776, 6212, 193, 911),
(53235, 776, 6213, 193, 930),
(53236, 776, 6214, 193, 947),
(53237, 776, 6215, 193, 962),
(53238, 776, 6216, 193, 977),
(53239, 776, 6217, 193, 992),
(53240, 776, 6218, 193, 1007),
(53241, 776, 6219, 193, 1022),
(53242, 776, 6220, 193, 1037),
(53243, 776, 6221, 193, 1052),
(53244, 776, 6222, 193, 1067),
(53245, 776, 6223, 193, 1082),
(53246, 776, 6224, 193, 1097),
(53247, 776, 6225, 193, 1112),
(53248, 776, 6226, 193, 1127),
(53249, 776, 6227, 193, 1136),
(53250, 776, 6228, 193, 1153),
(53251, 776, 6229, 193, 1170),
(53252, 776, 6230, 193, 1200),
(53253, 777, 6195, 193, 661),
(53254, 777, 6196, 193, 676),
(53255, 777, 6197, 193, 691),
(53256, 777, 6198, 193, 706),
(53257, 777, 6199, 193, 721),
(53258, 777, 6200, 193, 736),
(53259, 777, 6201, 193, 751),
(53260, 777, 6202, 193, 766),
(53261, 777, 6203, 193, 781),
(53262, 777, 6204, 193, 796),
(53263, 777, 6205, 193, 811),
(53264, 777, 6206, 193, 826),
(53265, 777, 6207, 193, 841),
(53266, 777, 6208, 193, 856),
(53267, 777, 6209, 193, 871),
(53268, 777, 6210, 193, 886),
(53269, 777, 6211, 193, 901),
(53270, 777, 6212, 193, 916),
(53271, 777, 6213, 193, 935),
(53272, 777, 6214, 193, 952),
(53273, 777, 6215, 193, 967),
(53274, 777, 6216, 193, 982),
(53275, 777, 6217, 193, 997),
(53276, 777, 6218, 193, 1012),
(53277, 777, 6219, 193, 1027),
(53278, 777, 6220, 193, 1042),
(53279, 777, 6221, 193, 1057),
(53280, 777, 6222, 193, 1072),
(53281, 777, 6223, 193, 1087),
(53282, 777, 6224, 193, 1102),
(53283, 777, 6225, 193, 1117),
(53284, 777, 6226, 193, 1132),
(53285, 777, 6227, 193, 1141),
(53286, 777, 6228, 193, 1157),
(53287, 777, 6229, 193, 1174),
(53288, 777, 6230, 193, 1204),
(53289, 779, 6195, 193, 668),
(53290, 779, 6196, 193, 683),
(53291, 779, 6197, 193, 698),
(53292, 779, 6198, 193, 713),
(53293, 779, 6199, 193, 728),
(53294, 779, 6200, 193, 743),
(53295, 779, 6201, 193, 758),
(53296, 779, 6202, 193, 773),
(53297, 779, 6203, 193, 788),
(53298, 779, 6204, 193, 803),
(53299, 779, 6205, 193, 818),
(53300, 779, 6206, 193, 833),
(53301, 779, 6207, 193, 848),
(53302, 779, 6208, 193, 863),
(53303, 779, 6209, 193, 878),
(53304, 779, 6210, 193, 893),
(53305, 779, 6211, 193, 908),
(53306, 779, 6212, 193, 923),
(53307, 779, 6213, 193, 943),
(53308, 779, 6214, 193, 960),
(53309, 779, 6215, 193, 975),
(53310, 779, 6216, 193, 990),
(53311, 779, 6217, 193, 1005),
(53312, 779, 6218, 193, 1020),
(53313, 779, 6219, 193, 1035),
(53314, 779, 6220, 193, 1050),
(53315, 779, 6221, 193, 1065),
(53316, 779, 6222, 193, 1080),
(53317, 779, 6223, 193, 1095),
(53318, 779, 6224, 193, 1109),
(53319, 779, 6225, 193, 1124),
(53320, 779, 6226, 193, 1139),
(53321, 779, 6227, 193, 1148),
(53322, 779, 6228, 193, 1164),
(53323, 779, 6229, 193, 1181),
(53324, 779, 6230, 193, 1211),
(53325, 780, 6195, 193, 682),
(53326, 780, 6196, 193, 697),
(53327, 780, 6197, 193, 712),
(53328, 780, 6198, 193, 727),
(53329, 780, 6199, 193, 742),
(53330, 780, 6200, 193, 757),
(53331, 780, 6201, 193, 772),
(53332, 780, 6202, 193, 787),
(53333, 780, 6203, 193, 802),
(53334, 780, 6204, 193, 817),
(53335, 780, 6205, 193, 832),
(53336, 780, 6206, 193, 847),
(53337, 780, 6207, 193, 862),
(53338, 780, 6208, 193, 877),
(53339, 780, 6209, 193, 892),
(53340, 780, 6210, 193, 907),
(53341, 780, 6211, 193, 923),
(53342, 780, 6212, 193, 939),
(53343, 780, 6213, 193, 958),
(53344, 780, 6214, 193, 975),
(53345, 780, 6215, 193, 990),
(53346, 780, 6216, 193, 1005),
(53347, 780, 6217, 193, 1020),
(53348, 780, 6218, 193, 1035),
(53349, 780, 6219, 193, 1050),
(53350, 780, 6220, 193, 1065),
(53351, 780, 6221, 193, 1080),
(53352, 780, 6222, 193, 1095),
(53353, 780, 6223, 193, 1110),
(53354, 780, 6224, 193, 1123),
(53355, 780, 6225, 193, 1138),
(53356, 780, 6226, 193, 1153),
(53357, 780, 6227, 193, 1159),
(53358, 780, 6228, 193, 1175),
(53359, 780, 6229, 193, 1192),
(53360, 780, 6230, 193, 1222),
(53361, 770, 6231, 193, 1200),
(53362, 770, 6232, 193, 1230),
(53363, 770, 6233, 193, 1260),
(53364, 770, 6234, 193, 1290),
(53365, 770, 6235, 193, 1320),
(53366, 770, 6236, 193, 1350),
(53367, 770, 6237, 193, 1390),
(53368, 772, 6231, 193, 1211),
(53369, 772, 6232, 193, 1241),
(53370, 772, 6233, 193, 1271),
(53371, 772, 6234, 193, 1301),
(53372, 772, 6235, 193, 1331),
(53373, 772, 6236, 193, 1361),
(53374, 772, 6237, 193, 1401),
(53375, 773, 6231, 193, 1221),
(53376, 773, 6232, 193, 1251),
(53377, 773, 6233, 193, 1281),
(53378, 773, 6234, 193, 1311),
(53379, 773, 6235, 193, 1341),
(53380, 773, 6236, 193, 1371),
(53381, 773, 6237, 193, 1411),
(53382, 775, 6231, 193, 1225),
(53383, 775, 6232, 193, 1255),
(53384, 775, 6233, 193, 1285),
(53385, 775, 6234, 193, 1315),
(53386, 775, 6235, 193, 1345),
(53387, 775, 6236, 193, 1375),
(53388, 775, 6237, 193, 1415),
(53389, 776, 6231, 193, 1230),
(53390, 776, 6232, 193, 1260),
(53391, 776, 6233, 193, 1290),
(53392, 776, 6234, 193, 1320),
(53393, 776, 6235, 193, 1350),
(53394, 776, 6236, 193, 1380),
(53395, 776, 6237, 193, 1420),
(53396, 777, 6231, 193, 1234),
(53397, 777, 6232, 193, 1264),
(53398, 777, 6233, 193, 1294),
(53399, 777, 6234, 193, 1324),
(53400, 777, 6235, 193, 1354),
(53401, 777, 6236, 193, 1384),
(53402, 777, 6237, 193, 1424),
(53403, 779, 6231, 193, 1241),
(53404, 779, 6232, 193, 1271),
(53405, 779, 6233, 193, 1301),
(53406, 779, 6234, 193, 1331),
(53407, 779, 6235, 193, 1361),
(53408, 779, 6236, 193, 1391),
(53409, 779, 6237, 193, 1431),
(53410, 780, 6231, 193, 1252),
(53411, 780, 6232, 193, 1282),
(53412, 780, 6233, 193, 1312),
(53413, 780, 6234, 193, 1342),
(53414, 780, 6235, 193, 1372),
(53415, 780, 6236, 193, 1402),
(53416, 780, 6237, 193, 2),
(53417, 770, 6238, 194, 390),
(53418, 770, 6239, 194, 420),
(53419, 770, 6240, 194, 450),
(53420, 770, 6241, 194, 480),
(53421, 770, 6242, 194, 500),
(53422, 770, 6243, 194, 517),
(53423, 770, 6244, 194, 532),
(53424, 770, 6245, 194, 547),
(53425, 770, 6246, 194, 562),
(53426, 770, 6247, 194, 577),
(53427, 770, 6248, 194, 592),
(53428, 770, 6249, 194, 607),
(53429, 770, 6250, 194, 622),
(53430, 770, 6251, 194, 637),
(53431, 770, 6252, 194, 652),
(53432, 770, 6253, 194, 667),
(53433, 770, 6254, 194, 682),
(53434, 770, 6255, 194, 697),
(53435, 770, 6256, 194, 712),
(53436, 770, 6257, 194, 727),
(53437, 770, 6258, 194, 742),
(53438, 770, 6259, 194, 757),
(53439, 770, 6260, 194, 772),
(53440, 770, 6261, 194, 787),
(53441, 770, 6262, 194, 802),
(53442, 770, 6263, 194, 817),
(53443, 770, 6264, 194, 832),
(53444, 770, 6265, 194, 847),
(53445, 770, 6266, 194, 862),
(53446, 770, 6267, 194, 877),
(53447, 770, 6268, 194, 892),
(53448, 770, 6269, 194, 907),
(53449, 770, 6270, 194, 922),
(53450, 770, 6271, 194, 937),
(53451, 770, 6272, 194, 952),
(53452, 770, 6273, 194, 967),
(53453, 770, 6274, 194, 982),
(53454, 770, 6275, 194, 997),
(53455, 770, 6276, 194, 1012),
(53456, 770, 6277, 194, 1030),
(53457, 770, 6278, 194, 1050),
(53458, 770, 6279, 194, 1070),
(53459, 770, 6280, 194, 1090),
(53460, 770, 6281, 194, 1110),
(53461, 770, 6282, 194, 1140),
(53462, 770, 6283, 194, 1170),
(53463, 770, 6284, 194, 1200),
(53464, 770, 6285, 194, 1230),
(53465, 770, 6286, 194, 1260),
(53466, 770, 6287, 194, 1290),
(53467, 770, 6288, 194, 1320),
(53468, 770, 6289, 194, 1350),
(53469, 770, 6290, 194, 1390),
(53470, 772, 6238, 194, 401),
(53471, 772, 6239, 194, 431),
(53472, 772, 6240, 194, 461),
(53473, 772, 6241, 194, 491),
(53474, 772, 6242, 194, 511),
(53475, 772, 6243, 194, 529),
(53476, 772, 6244, 194, 544),
(53477, 772, 6245, 194, 559),
(53478, 772, 6246, 194, 574),
(53479, 772, 6247, 194, 589),
(53480, 772, 6248, 194, 604),
(53481, 772, 6249, 194, 619),
(53482, 772, 6250, 194, 634),
(53483, 772, 6251, 194, 649),
(53484, 772, 6252, 194, 664),
(53485, 772, 6253, 194, 679),
(53486, 772, 6254, 194, 694),
(53487, 772, 6255, 194, 709),
(53488, 772, 6256, 194, 724),
(53489, 772, 6257, 194, 739),
(53490, 772, 6258, 194, 754),
(53491, 772, 6259, 194, 769),
(53492, 772, 6260, 194, 784),
(53493, 772, 6261, 194, 799),
(53494, 772, 6262, 194, 814),
(53495, 772, 6263, 194, 829),
(53496, 772, 6264, 194, 844),
(53497, 772, 6265, 194, 859),
(53498, 772, 6266, 194, 874),
(53499, 772, 6267, 194, 889),
(53500, 772, 6268, 194, 904),
(53501, 772, 6269, 194, 919),
(53502, 772, 6270, 194, 934),
(53503, 772, 6271, 194, 949),
(53504, 772, 6272, 194, 964),
(53505, 772, 6273, 194, 979),
(53506, 772, 6274, 194, 994),
(53507, 772, 6275, 194, 1009),
(53508, 772, 6276, 194, 1024),
(53509, 772, 6277, 194, 1042),
(53510, 772, 6278, 194, 1062),
(53511, 772, 6279, 194, 1082),
(53512, 772, 6280, 194, 1102),
(53513, 772, 6281, 194, 1121),
(53514, 772, 6282, 194, 1151),
(53515, 772, 6283, 194, 1181),
(53516, 772, 6284, 194, 1211),
(53517, 772, 6285, 194, 1241),
(53518, 772, 6286, 194, 1271),
(53519, 772, 6287, 194, 1301),
(53520, 772, 6288, 194, 1331),
(53521, 772, 6289, 194, 1361),
(53522, 772, 6290, 194, 1401),
(53523, 773, 6238, 194, 411),
(53524, 773, 6239, 194, 441),
(53525, 773, 6240, 194, 471),
(53526, 773, 6241, 194, 501),
(53527, 773, 6242, 194, 523),
(53528, 773, 6243, 194, 541),
(53529, 773, 6244, 194, 556),
(53530, 773, 6245, 194, 571),
(53531, 773, 6246, 194, 586),
(53532, 773, 6247, 194, 601),
(53533, 773, 6248, 194, 616),
(53534, 773, 6249, 194, 631),
(53535, 773, 6250, 194, 646),
(53536, 773, 6251, 194, 661),
(53537, 773, 6252, 194, 676),
(53538, 773, 6253, 194, 691),
(53539, 773, 6254, 194, 706),
(53540, 773, 6255, 194, 721),
(53541, 773, 6256, 194, 736),
(53542, 773, 6257, 194, 751),
(53543, 773, 6258, 194, 766),
(53544, 773, 6259, 194, 781),
(53545, 773, 6260, 194, 796),
(53546, 773, 6261, 194, 811),
(53547, 773, 6262, 194, 826),
(53548, 773, 6263, 194, 841),
(53549, 773, 6264, 194, 856),
(53550, 773, 6265, 194, 871),
(53551, 773, 6266, 194, 886),
(53552, 773, 6267, 194, 901),
(53553, 773, 6268, 194, 916),
(53554, 773, 6269, 194, 931),
(53555, 773, 6270, 194, 946),
(53556, 773, 6271, 194, 961),
(53557, 773, 6272, 194, 976),
(53558, 773, 6273, 194, 991),
(53559, 773, 6274, 194, 1006),
(53560, 773, 6275, 194, 1021),
(53561, 773, 6276, 194, 1036),
(53562, 773, 6277, 194, 1054),
(53563, 773, 6278, 194, 1074),
(53564, 773, 6279, 194, 1094),
(53565, 773, 6280, 194, 1114),
(53566, 773, 6281, 194, 1131),
(53567, 773, 6282, 194, 1161),
(53568, 773, 6283, 194, 1191),
(53569, 773, 6284, 194, 1221),
(53570, 773, 6285, 194, 1251),
(53571, 773, 6286, 194, 1281),
(53572, 773, 6287, 194, 1311),
(53573, 773, 6288, 194, 1341),
(53574, 773, 6289, 194, 1371),
(53575, 773, 6290, 194, 1411),
(53576, 775, 6238, 194, 415),
(53577, 775, 6239, 194, 445),
(53578, 775, 6240, 194, 475),
(53579, 775, 6241, 194, 505),
(53580, 775, 6242, 194, 527),
(53581, 775, 6243, 194, 545),
(53582, 775, 6244, 194, 560),
(53583, 775, 6245, 194, 575),
(53584, 775, 6246, 194, 590),
(53585, 775, 6247, 194, 605),
(53586, 775, 6248, 194, 620),
(53587, 775, 6249, 194, 635),
(53588, 775, 6250, 194, 650),
(53589, 775, 6251, 194, 665),
(53590, 775, 6252, 194, 680),
(53591, 775, 6253, 194, 695),
(53592, 775, 6254, 194, 710),
(53593, 775, 6255, 194, 725),
(53594, 775, 6256, 194, 740),
(53595, 775, 6257, 194, 755),
(53596, 775, 6258, 194, 770),
(53597, 775, 6259, 194, 785),
(53598, 775, 6260, 194, 800),
(53599, 775, 6261, 194, 815),
(53600, 775, 6262, 194, 830),
(53601, 775, 6263, 194, 845),
(53602, 775, 6264, 194, 860),
(53603, 775, 6265, 194, 875),
(53604, 775, 6266, 194, 890),
(53605, 775, 6267, 194, 905),
(53606, 775, 6268, 194, 920),
(53607, 775, 6269, 194, 935),
(53608, 775, 6270, 194, 950),
(53609, 775, 6271, 194, 965),
(53610, 775, 6272, 194, 980),
(53611, 775, 6273, 194, 995),
(53612, 775, 6274, 194, 1010),
(53613, 775, 6275, 194, 1025),
(53614, 775, 6276, 194, 1040),
(53615, 775, 6277, 194, 1058),
(53616, 775, 6278, 194, 1078),
(53617, 775, 6279, 194, 1098),
(53618, 775, 6280, 194, 1118),
(53619, 775, 6281, 194, 1135),
(53620, 775, 6282, 194, 1165),
(53621, 775, 6283, 194, 1195),
(53622, 775, 6284, 194, 1225),
(53623, 775, 6285, 194, 1255),
(53624, 775, 6286, 194, 1285),
(53625, 775, 6287, 194, 1315),
(53626, 775, 6288, 194, 1345),
(53627, 775, 6289, 194, 1375),
(53628, 775, 6290, 194, 1415),
(53629, 776, 6238, 194, 420),
(53630, 776, 6239, 194, 450),
(53631, 776, 6240, 194, 480),
(53632, 776, 6241, 194, 510),
(53633, 776, 6242, 194, 533),
(53634, 776, 6243, 194, 551),
(53635, 776, 6244, 194, 566),
(53636, 776, 6245, 194, 581),
(53637, 776, 6246, 194, 596),
(53638, 776, 6247, 194, 611),
(53639, 776, 6248, 194, 626),
(53640, 776, 6249, 194, 641),
(53641, 776, 6250, 194, 656),
(53642, 776, 6251, 194, 671),
(53643, 776, 6252, 194, 686),
(53644, 776, 6253, 194, 701),
(53645, 776, 6254, 194, 716),
(53646, 776, 6255, 194, 731),
(53647, 776, 6256, 194, 746),
(53648, 776, 6257, 194, 761),
(53649, 776, 6258, 194, 776),
(53650, 776, 6259, 194, 791),
(53651, 776, 6260, 194, 806),
(53652, 776, 6261, 194, 821),
(53653, 776, 6262, 194, 836),
(53654, 776, 6263, 194, 851),
(53655, 776, 6264, 194, 866),
(53656, 776, 6265, 194, 881),
(53657, 776, 6266, 194, 896),
(53658, 776, 6267, 194, 911),
(53659, 776, 6268, 194, 926),
(53660, 776, 6269, 194, 941),
(53661, 776, 6270, 194, 956),
(53662, 776, 6271, 194, 971),
(53663, 776, 6272, 194, 986),
(53664, 776, 6273, 194, 1001),
(53665, 776, 6274, 194, 1016),
(53666, 776, 6275, 194, 1031),
(53667, 776, 6276, 194, 1046),
(53668, 776, 6277, 194, 1064),
(53669, 776, 6278, 194, 1084),
(53670, 776, 6279, 194, 1104),
(53671, 776, 6280, 194, 1123),
(53672, 776, 6281, 194, 1140),
(53673, 776, 6282, 194, 1170),
(53674, 776, 6283, 194, 1200),
(53675, 776, 6284, 194, 1230),
(53676, 776, 6285, 194, 1260),
(53677, 776, 6286, 194, 1290),
(53678, 776, 6287, 194, 1320),
(53679, 776, 6288, 194, 1350),
(53680, 776, 6289, 194, 1380),
(53681, 776, 6290, 194, 1420),
(53682, 777, 6238, 194, 424),
(53683, 777, 6239, 194, 454),
(53684, 777, 6240, 194, 484),
(53685, 777, 6241, 194, 515),
(53686, 777, 6242, 194, 538),
(53687, 777, 6243, 194, 556),
(53688, 777, 6244, 194, 571),
(53689, 777, 6245, 194, 586),
(53690, 777, 6246, 194, 601),
(53691, 777, 6247, 194, 616),
(53692, 777, 6248, 194, 631),
(53693, 777, 6249, 194, 646),
(53694, 777, 6250, 194, 661),
(53695, 777, 6251, 194, 676),
(53696, 777, 6252, 194, 691),
(53697, 777, 6253, 194, 706),
(53698, 777, 6254, 194, 721),
(53699, 777, 6255, 194, 736),
(53700, 777, 6256, 194, 751),
(53701, 777, 6257, 194, 766),
(53702, 777, 6258, 194, 781),
(53703, 777, 6259, 194, 796),
(53704, 777, 6260, 194, 811),
(53705, 777, 6261, 194, 826),
(53706, 777, 6262, 194, 841),
(53707, 777, 6263, 194, 856),
(53708, 777, 6264, 194, 871),
(53709, 777, 6265, 194, 886),
(53710, 777, 6266, 194, 901),
(53711, 777, 6267, 194, 916),
(53712, 777, 6268, 194, 931),
(53713, 777, 6269, 194, 946),
(53714, 777, 6270, 194, 961),
(53715, 777, 6271, 194, 976),
(53716, 777, 6272, 194, 991),
(53717, 777, 6273, 194, 1006),
(53718, 777, 6274, 194, 1021),
(53719, 777, 6275, 194, 1036),
(53720, 777, 6276, 194, 1051),
(53721, 777, 6277, 194, 1069),
(53722, 777, 6278, 194, 1089),
(53723, 777, 6279, 194, 1109),
(53724, 777, 6280, 194, 1127),
(53725, 777, 6281, 194, 1144),
(53726, 777, 6282, 194, 1174),
(53727, 777, 6283, 194, 1204),
(53728, 777, 6284, 194, 1234),
(53729, 777, 6285, 194, 1264),
(53730, 777, 6286, 194, 1294),
(53731, 777, 6287, 194, 1324),
(53732, 777, 6288, 194, 1354),
(53733, 777, 6289, 194, 1384),
(53734, 777, 6290, 194, 1424),
(53735, 779, 6238, 194, 431),
(53736, 779, 6239, 194, 461),
(53737, 779, 6240, 194, 491),
(53738, 779, 6241, 194, 522),
(53739, 779, 6242, 194, 545),
(53740, 779, 6243, 194, 563),
(53741, 779, 6244, 194, 578),
(53742, 779, 6245, 194, 593),
(53743, 779, 6246, 194, 608),
(53744, 779, 6247, 194, 623),
(53745, 779, 6248, 194, 638),
(53746, 779, 6249, 194, 653),
(53747, 779, 6250, 194, 668),
(53748, 779, 6251, 194, 683),
(53749, 779, 6252, 194, 698),
(53750, 779, 6253, 194, 713),
(53751, 779, 6254, 194, 728),
(53752, 779, 6255, 194, 743),
(53753, 779, 6256, 194, 758),
(53754, 779, 6257, 194, 773),
(53755, 779, 6258, 194, 788),
(53756, 779, 6259, 194, 803),
(53757, 779, 6260, 194, 818),
(53758, 779, 6261, 194, 833),
(53759, 779, 6262, 194, 848),
(53760, 779, 6263, 194, 863),
(53761, 779, 6264, 194, 878),
(53762, 779, 6265, 194, 893),
(53763, 779, 6266, 194, 908),
(53764, 779, 6267, 194, 923),
(53765, 779, 6268, 194, 938),
(53766, 779, 6269, 194, 953),
(53767, 779, 6270, 194, 968),
(53768, 779, 6271, 194, 983),
(53769, 779, 6272, 194, 998),
(53770, 779, 6273, 194, 1013),
(53771, 779, 6274, 194, 1028),
(53772, 779, 6275, 194, 1043),
(53773, 779, 6276, 194, 1058),
(53774, 779, 6277, 194, 1076),
(53775, 779, 6278, 194, 1096),
(53776, 779, 6279, 194, 1116),
(53777, 779, 6280, 194, 1134),
(53778, 779, 6281, 194, 1151),
(53779, 779, 6282, 194, 1181),
(53780, 779, 6283, 194, 1211),
(53781, 779, 6284, 194, 1241),
(53782, 779, 6285, 194, 1271),
(53783, 779, 6286, 194, 1301),
(53784, 779, 6287, 194, 1331),
(53785, 779, 6288, 194, 1361),
(53786, 779, 6289, 194, 1391),
(53787, 779, 6290, 194, 1431),
(53788, 780, 6238, 194, 442),
(53789, 780, 6239, 194, 472),
(53790, 780, 6240, 194, 502),
(53791, 780, 6241, 194, 536),
(53792, 780, 6242, 194, 559),
(53793, 780, 6243, 194, 577),
(53794, 780, 6244, 194, 592),
(53795, 780, 6245, 194, 607),
(53796, 780, 6246, 194, 622),
(53797, 780, 6247, 194, 637),
(53798, 780, 6248, 194, 652),
(53799, 780, 6249, 194, 667),
(53800, 780, 6250, 194, 682),
(53801, 780, 6251, 194, 697),
(53802, 780, 6252, 194, 712),
(53803, 780, 6253, 194, 727),
(53804, 780, 6254, 194, 742),
(53805, 780, 6255, 194, 757),
(53806, 780, 6256, 194, 772),
(53807, 780, 6257, 194, 787),
(53808, 780, 6258, 194, 802),
(53809, 780, 6259, 194, 817),
(53810, 780, 6260, 194, 832),
(53811, 780, 6261, 194, 847),
(53812, 780, 6262, 194, 862),
(53813, 780, 6263, 194, 877),
(53814, 780, 6264, 194, 892),
(53815, 780, 6265, 194, 907),
(53816, 780, 6266, 194, 922),
(53817, 780, 6267, 194, 937),
(53818, 780, 6268, 194, 952),
(53819, 780, 6269, 194, 967),
(53820, 780, 6270, 194, 982),
(53821, 780, 6271, 194, 997),
(53822, 780, 6272, 194, 1012),
(53823, 780, 6273, 194, 1027),
(53824, 780, 6274, 194, 1042),
(53825, 780, 6275, 194, 1057),
(53826, 780, 6276, 194, 1072),
(53827, 780, 6277, 194, 1090),
(53828, 780, 6278, 194, 1110),
(53829, 780, 6279, 194, 1127),
(53830, 780, 6280, 194, 1145),
(53831, 780, 6281, 194, 1162),
(53832, 780, 6282, 194, 1192),
(53833, 780, 6283, 194, 1222),
(53834, 780, 6284, 194, 1252),
(53835, 780, 6285, 194, 1282),
(53836, 780, 6286, 194, 1312),
(53837, 780, 6287, 194, 1342),
(53838, 780, 6288, 194, 1372),
(53839, 780, 6289, 194, 1402),
(53840, 780, 6290, 194, 2),
(53841, 770, 6291, 195, 540),
(53842, 770, 6292, 195, 570),
(53843, 770, 6293, 195, 600),
(53844, 770, 6294, 195, 630),
(53845, 770, 6295, 195, 660),
(53846, 770, 6296, 195, 690),
(53847, 770, 6297, 195, 720),
(53848, 770, 6298, 195, 750),
(53849, 770, 6299, 195, 780),
(53850, 770, 6300, 195, 810),
(53851, 770, 6301, 195, 840),
(53852, 770, 6302, 195, 870),
(53853, 770, 6303, 195, 900),
(53854, 770, 6304, 195, 930),
(53855, 770, 6305, 195, 960),
(53856, 770, 6306, 195, 990),
(53857, 770, 6307, 195, 1020),
(53858, 770, 6308, 195, 1050),
(53859, 770, 6309, 195, 1080),
(53860, 770, 6310, 195, 1110),
(53861, 770, 6311, 195, 1140),
(53862, 770, 6312, 195, 1170),
(53863, 770, 6313, 195, 1200),
(53864, 770, 6314, 195, 1260),
(53865, 770, 6315, 195, 1320),
(53866, 770, 6316, 195, 1390),
(53867, 772, 6291, 195, 551),
(53868, 772, 6292, 195, 581),
(53869, 772, 6293, 195, 612),
(53870, 772, 6294, 195, 642),
(53871, 772, 6295, 195, 672),
(53872, 772, 6296, 195, 702),
(53873, 772, 6297, 195, 732),
(53874, 772, 6298, 195, 762),
(53875, 772, 6299, 195, 792),
(53876, 772, 6300, 195, 822),
(53877, 772, 6301, 195, 852),
(53878, 772, 6302, 195, 882),
(53879, 772, 6303, 195, 912),
(53880, 772, 6304, 195, 942),
(53881, 772, 6305, 195, 972),
(53882, 772, 6306, 195, 1002),
(53883, 772, 6307, 195, 1032),
(53884, 772, 6308, 195, 1061),
(53885, 772, 6309, 195, 1091),
(53886, 772, 6310, 195, 1121),
(53887, 772, 6311, 195, 1151),
(53888, 772, 6312, 195, 1181),
(53889, 772, 6313, 195, 1211),
(53890, 772, 6314, 195, 1271),
(53891, 772, 6315, 195, 1331),
(53892, 772, 6316, 195, 1401),
(53893, 773, 6291, 195, 561),
(53894, 773, 6292, 195, 591),
(53895, 773, 6293, 195, 624),
(53896, 773, 6294, 195, 654),
(53897, 773, 6295, 195, 684),
(53898, 773, 6296, 195, 714),
(53899, 773, 6297, 195, 744),
(53900, 773, 6298, 195, 774),
(53901, 773, 6299, 195, 804),
(53902, 773, 6300, 195, 834),
(53903, 773, 6301, 195, 864),
(53904, 773, 6302, 195, 894),
(53905, 773, 6303, 195, 924),
(53906, 773, 6304, 195, 954),
(53907, 773, 6305, 195, 984),
(53908, 773, 6306, 195, 1014),
(53909, 773, 6307, 195, 1044),
(53910, 773, 6308, 195, 1071),
(53911, 773, 6309, 195, 1101),
(53912, 773, 6310, 195, 1131),
(53913, 773, 6311, 195, 1161),
(53914, 773, 6312, 195, 1191),
(53915, 773, 6313, 195, 1221),
(53916, 773, 6314, 195, 1281),
(53917, 773, 6315, 195, 1341),
(53918, 773, 6316, 195, 1411),
(53919, 775, 6291, 195, 565),
(53920, 775, 6292, 195, 595),
(53921, 775, 6293, 195, 628),
(53922, 775, 6294, 195, 658),
(53923, 775, 6295, 195, 688),
(53924, 775, 6296, 195, 718),
(53925, 775, 6297, 195, 748),
(53926, 775, 6298, 195, 778),
(53927, 775, 6299, 195, 808),
(53928, 775, 6300, 195, 838),
(53929, 775, 6301, 195, 868),
(53930, 775, 6302, 195, 898),
(53931, 775, 6303, 195, 928),
(53932, 775, 6304, 195, 958),
(53933, 775, 6305, 195, 988),
(53934, 775, 6306, 195, 1018),
(53935, 775, 6307, 195, 1048),
(53936, 775, 6308, 195, 1075),
(53937, 775, 6309, 195, 1105),
(53938, 775, 6310, 195, 1135),
(53939, 775, 6311, 195, 1165),
(53940, 775, 6312, 195, 1195),
(53941, 775, 6313, 195, 1225),
(53942, 775, 6314, 195, 1285),
(53943, 775, 6315, 195, 1345),
(53944, 775, 6316, 195, 1415),
(53945, 776, 6291, 195, 570),
(53946, 776, 6292, 195, 600),
(53947, 776, 6293, 195, 634),
(53948, 776, 6294, 195, 664),
(53949, 776, 6295, 195, 694),
(53950, 776, 6296, 195, 724),
(53951, 776, 6297, 195, 754),
(53952, 776, 6298, 195, 784),
(53953, 776, 6299, 195, 814),
(53954, 776, 6300, 195, 844),
(53955, 776, 6301, 195, 874),
(53956, 776, 6302, 195, 904),
(53957, 776, 6303, 195, 934),
(53958, 776, 6304, 195, 964),
(53959, 776, 6305, 195, 994),
(53960, 776, 6306, 195, 1024),
(53961, 776, 6307, 195, 1054),
(53962, 776, 6308, 195, 1080),
(53963, 776, 6309, 195, 1110),
(53964, 776, 6310, 195, 1140),
(53965, 776, 6311, 195, 1170),
(53966, 776, 6312, 195, 1200),
(53967, 776, 6313, 195, 1230),
(53968, 776, 6314, 195, 1290),
(53969, 776, 6315, 195, 1350),
(53970, 776, 6316, 195, 1420),
(53971, 777, 6291, 195, 574),
(53972, 777, 6292, 195, 605),
(53973, 777, 6293, 195, 639),
(53974, 777, 6294, 195, 669),
(53975, 777, 6295, 195, 699),
(53976, 777, 6296, 195, 729),
(53977, 777, 6297, 195, 759),
(53978, 777, 6298, 195, 789),
(53979, 777, 6299, 195, 819),
(53980, 777, 6300, 195, 849),
(53981, 777, 6301, 195, 879),
(53982, 777, 6302, 195, 909),
(53983, 777, 6303, 195, 939),
(53984, 777, 6304, 195, 969),
(53985, 777, 6305, 195, 999),
(53986, 777, 6306, 195, 1029),
(53987, 777, 6307, 195, 1058),
(53988, 777, 6308, 195, 1084),
(53989, 777, 6309, 195, 1114),
(53990, 777, 6310, 195, 1144),
(53991, 777, 6311, 195, 1174),
(53992, 777, 6312, 195, 1204),
(53993, 777, 6313, 195, 1234),
(53994, 777, 6314, 195, 1294),
(53995, 777, 6315, 195, 1354),
(53996, 777, 6316, 195, 1424),
(53997, 779, 6291, 195, 581),
(53998, 779, 6292, 195, 612),
(53999, 779, 6293, 195, 646),
(54000, 779, 6294, 195, 676),
(54001, 779, 6295, 195, 706),
(54002, 779, 6296, 195, 736),
(54003, 779, 6297, 195, 766),
(54004, 779, 6298, 195, 796),
(54005, 779, 6299, 195, 826),
(54006, 779, 6300, 195, 856),
(54007, 779, 6301, 195, 886),
(54008, 779, 6302, 195, 916),
(54009, 779, 6303, 195, 946),
(54010, 779, 6304, 195, 976),
(54011, 779, 6305, 195, 1006),
(54012, 779, 6306, 195, 1036),
(54013, 779, 6307, 195, 1065),
(54014, 779, 6308, 195, 1091),
(54015, 779, 6309, 195, 1121),
(54016, 779, 6310, 195, 1151),
(54017, 779, 6311, 195, 1181),
(54018, 779, 6312, 195, 1211),
(54019, 779, 6313, 195, 1241),
(54020, 779, 6314, 195, 1301),
(54021, 779, 6315, 195, 1361),
(54022, 779, 6316, 195, 1431),
(54023, 780, 6291, 195, 592),
(54024, 780, 6292, 195, 626),
(54025, 780, 6293, 195, 660),
(54026, 780, 6294, 195, 690),
(54027, 780, 6295, 195, 720),
(54028, 780, 6296, 195, 750),
(54029, 780, 6297, 195, 780),
(54030, 780, 6298, 195, 810),
(54031, 780, 6299, 195, 840),
(54032, 780, 6300, 195, 870),
(54033, 780, 6301, 195, 900),
(54034, 780, 6302, 195, 930),
(54035, 780, 6303, 195, 960),
(54036, 780, 6304, 195, 990),
(54037, 780, 6305, 195, 1020),
(54038, 780, 6306, 195, 1050),
(54039, 780, 6307, 195, 1076),
(54040, 780, 6308, 195, 1102),
(54041, 780, 6309, 195, 1132),
(54042, 780, 6310, 195, 1162),
(54043, 780, 6311, 195, 1192),
(54044, 780, 6312, 195, 1222),
(54045, 780, 6313, 195, 1252),
(54046, 780, 6314, 195, 1312),
(54047, 780, 6315, 195, 1372),
(54048, 780, 6316, 195, 2),
(54049, 781, 6317, 196, 345),
(54050, 781, 6318, 196, 369),
(54051, 781, 6320, 196, 389),
(54052, 781, 6322, 196, 411),
(54053, 781, 6323, 196, 424),
(54054, 781, 6324, 196, 432),
(54055, 781, 6325, 196, 442),
(54056, 781, 6327, 196, 452),
(54057, 781, 6329, 196, 472),
(54058, 781, 6331, 196, 495),
(54059, 781, 6332, 196, 515),
(54060, 781, 6333, 196, 535),
(54061, 781, 6334, 196, 555),
(54062, 782, 6317, 196, 348),
(54063, 782, 6318, 196, 372),
(54064, 782, 6320, 196, 392),
(54065, 782, 6322, 196, 414),
(54066, 782, 6323, 196, 427),
(54067, 782, 6324, 196, 437),
(54068, 782, 6325, 196, 447),
(54069, 782, 6327, 196, 457),
(54070, 782, 6329, 196, 477),
(54071, 782, 6331, 196, 500),
(54072, 782, 6332, 196, 520),
(54073, 782, 6333, 196, 540),
(54074, 782, 6334, 196, 560),
(54075, 783, 6317, 196, 355),
(54076, 783, 6318, 196, 379),
(54077, 783, 6320, 196, 399),
(54078, 783, 6322, 196, 421),
(54079, 783, 6323, 196, 434),
(54080, 783, 6324, 196, 449),
(54081, 783, 6325, 196, 459),
(54082, 783, 6327, 196, 469),
(54083, 783, 6329, 196, 489),
(54084, 783, 6331, 196, 512),
(54085, 783, 6332, 196, 532),
(54086, 783, 6333, 196, 552),
(54087, 783, 6334, 196, 570),
(54088, 784, 6317, 196, 362),
(54089, 784, 6318, 196, 386),
(54090, 784, 6320, 196, 406),
(54091, 784, 6322, 196, 428),
(54092, 784, 6323, 196, 443),
(54093, 784, 6324, 196, 458),
(54094, 784, 6325, 196, 468),
(54095, 784, 6327, 196, 480),
(54096, 784, 6329, 196, 500),
(54097, 784, 6331, 196, 523),
(54098, 784, 6332, 196, 541),
(54099, 784, 6333, 196, 561),
(54100, 784, 6334, 196, 578),
(54101, 785, 6317, 196, 366),
(54102, 785, 6318, 196, 390),
(54103, 785, 6320, 196, 410),
(54104, 785, 6322, 196, 432),
(54105, 785, 6323, 196, 447),
(54106, 785, 6324, 196, 462),
(54107, 785, 6325, 196, 472),
(54108, 785, 6327, 196, 484),
(54109, 785, 6329, 196, 504),
(54110, 785, 6331, 196, 527),
(54111, 785, 6332, 196, 545),
(54112, 785, 6333, 196, 565),
(54113, 785, 6334, 196, 582),
(54114, 786, 6317, 196, 371),
(54115, 786, 6318, 196, 395),
(54116, 786, 6320, 196, 415),
(54117, 786, 6322, 196, 438),
(54118, 786, 6323, 196, 453),
(54119, 786, 6324, 196, 468),
(54120, 786, 6325, 196, 478),
(54121, 786, 6327, 196, 493),
(54122, 786, 6329, 196, 513),
(54123, 786, 6331, 196, 536),
(54124, 786, 6332, 196, 553),
(54125, 786, 6333, 196, 571),
(54126, 786, 6334, 196, 588),
(54127, 787, 6317, 196, 376),
(54128, 787, 6318, 196, 400),
(54129, 787, 6319, 196, 410),
(54130, 787, 6320, 196, 420),
(54131, 787, 6321, 196, 430),
(54132, 787, 6322, 196, 445),
(54133, 787, 6323, 196, 460),
(54134, 787, 6324, 196, 475),
(54135, 787, 6325, 196, 490),
(54136, 787, 6327, 196, 505),
(54137, 787, 6328, 196, 515),
(54138, 787, 6329, 196, 525),
(54139, 787, 6330, 196, 537),
(54140, 787, 6331, 196, 548),
(54141, 787, 6332, 196, 563),
(54142, 787, 6333, 196, 578),
(54143, 787, 6334, 196, 593),
(54144, 788, 6317, 196, 386),
(54145, 788, 6318, 196, 410),
(54146, 788, 6319, 196, 420),
(54147, 788, 6320, 196, 430),
(54148, 788, 6321, 196, 446),
(54149, 788, 6322, 196, 461),
(54150, 788, 6323, 196, 476),
(54151, 788, 6324, 196, 491),
(54152, 788, 6325, 196, 506),
(54153, 788, 6326, 196, 514),
(54154, 788, 6327, 196, 521),
(54155, 788, 6328, 196, 531),
(54156, 788, 6329, 196, 541),
(54157, 788, 6330, 196, 553),
(54158, 788, 6331, 196, 564),
(54159, 788, 6332, 196, 574),
(54160, 788, 6333, 196, 589),
(54161, 788, 6334, 196, 604),
(54162, 789, 6317, 196, 396),
(54163, 789, 6318, 196, 420),
(54164, 789, 6319, 196, 430),
(54165, 789, 6320, 196, 449),
(54166, 789, 6321, 196, 465),
(54167, 789, 6322, 196, 480),
(54168, 789, 6323, 196, 495),
(54169, 789, 6324, 196, 510),
(54170, 789, 6325, 196, 525),
(54171, 789, 6326, 196, 533),
(54172, 789, 6327, 196, 540),
(54173, 789, 6328, 196, 550),
(54174, 789, 6329, 196, 560),
(54175, 789, 6330, 196, 570),
(54176, 789, 6331, 196, 579),
(54177, 789, 6332, 196, 589),
(54178, 789, 6333, 196, 600),
(54179, 789, 6334, 196, 615),
(54180, 781, 6335, 196, 570),
(54181, 781, 6336, 196, 585),
(54182, 781, 6337, 196, 600),
(54183, 781, 6338, 196, 615),
(54184, 781, 6339, 196, 630),
(54185, 781, 6340, 196, 645),
(54186, 781, 6341, 196, 660),
(54187, 781, 6342, 196, 675),
(54188, 781, 6343, 196, 690),
(54189, 781, 6344, 196, 705),
(54190, 781, 6345, 196, 720),
(54191, 781, 6346, 196, 735),
(54192, 781, 6347, 196, 750),
(54193, 781, 6348, 196, 765),
(54194, 781, 6349, 196, 780),
(54195, 781, 6350, 196, 795),
(54196, 781, 6351, 196, 810),
(54197, 781, 6352, 196, 825),
(54198, 781, 6353, 196, 840),
(54199, 781, 6354, 196, 855),
(54200, 781, 6355, 196, 870),
(54201, 781, 6356, 196, 885),
(54202, 781, 6357, 196, 900),
(54203, 781, 6358, 196, 915),
(54204, 781, 6359, 196, 930),
(54205, 781, 6360, 196, 945),
(54206, 781, 6361, 196, 960),
(54207, 781, 6362, 196, 975),
(54208, 781, 6363, 196, 990),
(54209, 781, 6364, 196, 1005),
(54210, 781, 6365, 196, 1020),
(54211, 781, 6366, 196, 1035),
(54212, 781, 6367, 196, 1050),
(54213, 781, 6368, 196, 1065),
(54214, 782, 6335, 196, 575),
(54215, 782, 6336, 196, 590),
(54216, 782, 6337, 196, 605),
(54217, 782, 6338, 196, 620),
(54218, 782, 6339, 196, 635),
(54219, 782, 6340, 196, 650),
(54220, 782, 6341, 196, 665),
(54221, 782, 6342, 196, 680),
(54222, 782, 6343, 196, 695),
(54223, 782, 6344, 196, 710),
(54224, 782, 6345, 196, 725),
(54225, 782, 6346, 196, 740),
(54226, 782, 6347, 196, 755),
(54227, 782, 6348, 196, 770),
(54228, 782, 6349, 196, 785),
(54229, 782, 6350, 196, 800),
(54230, 782, 6351, 196, 815),
(54231, 782, 6352, 196, 830),
(54232, 782, 6353, 196, 845),
(54233, 782, 6354, 196, 860),
(54234, 782, 6355, 196, 875),
(54235, 782, 6356, 196, 890),
(54236, 782, 6357, 196, 905),
(54237, 782, 6358, 196, 920),
(54238, 782, 6359, 196, 935),
(54239, 782, 6360, 196, 950),
(54240, 782, 6361, 196, 965),
(54241, 782, 6362, 196, 980),
(54242, 782, 6363, 196, 995),
(54243, 782, 6364, 196, 1010),
(54244, 782, 6365, 196, 1025),
(54245, 782, 6366, 196, 1040),
(54246, 782, 6367, 196, 1055),
(54247, 782, 6368, 196, 1070),
(54248, 783, 6335, 196, 585),
(54249, 783, 6336, 196, 600),
(54250, 783, 6337, 196, 615),
(54251, 783, 6338, 196, 630),
(54252, 783, 6339, 196, 645),
(54253, 783, 6340, 196, 660),
(54254, 783, 6341, 196, 675),
(54255, 783, 6342, 196, 690),
(54256, 783, 6343, 196, 705),
(54257, 783, 6344, 196, 720),
(54258, 783, 6345, 196, 735),
(54259, 783, 6346, 196, 750),
(54260, 783, 6347, 196, 765),
(54261, 783, 6348, 196, 780),
(54262, 783, 6349, 196, 795),
(54263, 783, 6350, 196, 810),
(54264, 783, 6351, 196, 825),
(54265, 783, 6352, 196, 840),
(54266, 783, 6353, 196, 855),
(54267, 783, 6354, 196, 870),
(54268, 783, 6355, 196, 885),
(54269, 783, 6356, 196, 900),
(54270, 783, 6357, 196, 919),
(54271, 783, 6358, 196, 934),
(54272, 783, 6359, 196, 949),
(54273, 783, 6360, 196, 964),
(54274, 783, 6361, 196, 979),
(54275, 783, 6362, 196, 996),
(54276, 783, 6363, 196, 1013),
(54277, 783, 6364, 196, 1028),
(54278, 783, 6365, 196, 1043),
(54279, 783, 6366, 196, 1058),
(54280, 783, 6367, 196, 1073),
(54281, 783, 6368, 196, 1086),
(54282, 784, 6335, 196, 593),
(54283, 784, 6336, 196, 608),
(54284, 784, 6337, 196, 623),
(54285, 784, 6338, 196, 638),
(54286, 784, 6339, 196, 653),
(54287, 784, 6340, 196, 668),
(54288, 784, 6341, 196, 683),
(54289, 784, 6342, 196, 698),
(54290, 784, 6343, 196, 713),
(54291, 784, 6344, 196, 728),
(54292, 784, 6345, 196, 743),
(54293, 784, 6346, 196, 758),
(54294, 784, 6347, 196, 773),
(54295, 784, 6348, 196, 788),
(54296, 784, 6349, 196, 803),
(54297, 784, 6350, 196, 818),
(54298, 784, 6351, 196, 833),
(54299, 784, 6352, 196, 848),
(54300, 784, 6353, 196, 863),
(54301, 784, 6354, 196, 878),
(54302, 784, 6355, 196, 893),
(54303, 784, 6356, 196, 909),
(54304, 784, 6357, 196, 928),
(54305, 784, 6358, 196, 943),
(54306, 784, 6359, 196, 958),
(54307, 784, 6360, 196, 973),
(54308, 784, 6361, 196, 988),
(54309, 784, 6362, 196, 1005),
(54310, 784, 6363, 196, 1023),
(54311, 784, 6364, 196, 1038),
(54312, 784, 6365, 196, 1053),
(54313, 784, 6366, 196, 1068),
(54314, 784, 6367, 196, 1083),
(54315, 784, 6368, 196, 1096),
(54316, 785, 6335, 196, 597),
(54317, 785, 6336, 196, 612),
(54318, 785, 6337, 196, 627),
(54319, 785, 6338, 196, 642),
(54320, 785, 6339, 196, 657),
(54321, 785, 6340, 196, 672),
(54322, 785, 6341, 196, 687),
(54323, 785, 6342, 196, 702),
(54324, 785, 6343, 196, 717),
(54325, 785, 6344, 196, 732),
(54326, 785, 6345, 196, 747),
(54327, 785, 6346, 196, 762),
(54328, 785, 6347, 196, 777),
(54329, 785, 6348, 196, 792),
(54330, 785, 6349, 196, 807),
(54331, 785, 6350, 196, 822),
(54332, 785, 6351, 196, 837),
(54333, 785, 6352, 196, 852),
(54334, 785, 6353, 196, 867),
(54335, 785, 6354, 196, 882),
(54336, 785, 6355, 196, 897),
(54337, 785, 6356, 196, 913),
(54338, 785, 6357, 196, 932),
(54339, 785, 6358, 196, 947),
(54340, 785, 6359, 196, 962),
(54341, 785, 6360, 196, 977),
(54342, 785, 6361, 196, 992),
(54343, 785, 6362, 196, 1009),
(54344, 785, 6363, 196, 1027),
(54345, 785, 6364, 196, 1042),
(54346, 785, 6365, 196, 1057),
(54347, 785, 6366, 196, 1072),
(54348, 785, 6367, 196, 1087),
(54349, 785, 6368, 196, 1100),
(54350, 786, 6335, 196, 603),
(54351, 786, 6336, 196, 618),
(54352, 786, 6337, 196, 633),
(54353, 786, 6338, 196, 648),
(54354, 786, 6339, 196, 663),
(54355, 786, 6340, 196, 678),
(54356, 786, 6341, 196, 693),
(54357, 786, 6342, 196, 708),
(54358, 786, 6343, 196, 723),
(54359, 786, 6344, 196, 738),
(54360, 786, 6345, 196, 753),
(54361, 786, 6346, 196, 768),
(54362, 786, 6347, 196, 783),
(54363, 786, 6348, 196, 798),
(54364, 786, 6349, 196, 813),
(54365, 786, 6350, 196, 828),
(54366, 786, 6351, 196, 843),
(54367, 786, 6352, 196, 858),
(54368, 786, 6353, 196, 873),
(54369, 786, 6354, 196, 888),
(54370, 786, 6355, 196, 903),
(54371, 786, 6356, 196, 920),
(54372, 786, 6357, 196, 939),
(54373, 786, 6358, 196, 954),
(54374, 786, 6359, 196, 969),
(54375, 786, 6360, 196, 984),
(54376, 786, 6361, 196, 999),
(54377, 786, 6362, 196, 1016),
(54378, 786, 6363, 196, 1034),
(54379, 786, 6364, 196, 1049),
(54380, 786, 6365, 196, 1064),
(54381, 786, 6366, 196, 1079),
(54382, 786, 6367, 196, 1094),
(54383, 786, 6368, 196, 1106),
(54384, 787, 6335, 196, 608),
(54385, 787, 6336, 196, 623),
(54386, 787, 6337, 196, 638),
(54387, 787, 6338, 196, 653),
(54388, 787, 6339, 196, 668),
(54389, 787, 6340, 196, 683),
(54390, 787, 6341, 196, 698),
(54391, 787, 6342, 196, 713),
(54392, 787, 6343, 196, 728),
(54393, 787, 6344, 196, 743),
(54394, 787, 6345, 196, 758),
(54395, 787, 6346, 196, 773),
(54396, 787, 6347, 196, 788),
(54397, 787, 6348, 196, 803),
(54398, 787, 6349, 196, 818),
(54399, 787, 6350, 196, 833),
(54400, 787, 6351, 196, 848),
(54401, 787, 6352, 196, 863),
(54402, 787, 6353, 196, 878),
(54403, 787, 6354, 196, 893),
(54404, 787, 6355, 196, 909),
(54405, 787, 6356, 196, 926),
(54406, 787, 6357, 196, 945),
(54407, 787, 6358, 196, 960),
(54408, 787, 6359, 196, 975),
(54409, 787, 6360, 196, 990),
(54410, 787, 6361, 196, 1005),
(54411, 787, 6362, 196, 1022),
(54412, 787, 6363, 196, 1040),
(54413, 787, 6364, 196, 1055),
(54414, 787, 6365, 196, 1070),
(54415, 787, 6366, 196, 1085),
(54416, 787, 6367, 196, 1100),
(54417, 787, 6368, 196, 1111),
(54418, 788, 6335, 196, 619),
(54419, 788, 6336, 196, 634),
(54420, 788, 6337, 196, 649),
(54421, 788, 6338, 196, 664),
(54422, 788, 6339, 196, 679),
(54423, 788, 6340, 196, 694),
(54424, 788, 6341, 196, 709),
(54425, 788, 6342, 196, 724),
(54426, 788, 6343, 196, 739),
(54427, 788, 6344, 196, 754),
(54428, 788, 6345, 196, 769),
(54429, 788, 6346, 196, 784),
(54430, 788, 6347, 196, 799),
(54431, 788, 6348, 196, 814),
(54432, 788, 6349, 196, 829),
(54433, 788, 6350, 196, 844),
(54434, 788, 6351, 196, 859),
(54435, 788, 6352, 196, 874),
(54436, 788, 6353, 196, 889),
(54437, 788, 6354, 196, 904),
(54438, 788, 6355, 196, 920),
(54439, 788, 6356, 196, 937),
(54440, 788, 6357, 196, 956),
(54441, 788, 6358, 196, 971),
(54442, 788, 6359, 196, 986),
(54443, 788, 6360, 196, 1001),
(54444, 788, 6361, 196, 1016),
(54445, 788, 6362, 196, 1033),
(54446, 788, 6363, 196, 1051),
(54447, 788, 6364, 196, 1066),
(54448, 788, 6365, 196, 1081),
(54449, 788, 6366, 196, 1096),
(54450, 788, 6367, 196, 1111),
(54451, 788, 6368, 196, 1122),
(54452, 789, 6335, 196, 630),
(54453, 789, 6336, 196, 645),
(54454, 789, 6337, 196, 660),
(54455, 789, 6338, 196, 675),
(54456, 789, 6339, 196, 690),
(54457, 789, 6340, 196, 705),
(54458, 789, 6341, 196, 720),
(54459, 789, 6342, 196, 735),
(54460, 789, 6343, 196, 750),
(54461, 789, 6344, 196, 765),
(54462, 789, 6345, 196, 780),
(54463, 789, 6346, 196, 795),
(54464, 789, 6347, 196, 810),
(54465, 789, 6348, 196, 825),
(54466, 789, 6349, 196, 840),
(54467, 789, 6350, 196, 855),
(54468, 789, 6351, 196, 870),
(54469, 789, 6352, 196, 885),
(54470, 789, 6353, 196, 900),
(54471, 789, 6354, 196, 915),
(54472, 789, 6355, 196, 931),
(54473, 789, 6356, 196, 948),
(54474, 789, 6357, 196, 967),
(54475, 789, 6358, 196, 982),
(54476, 789, 6359, 196, 997),
(54477, 789, 6360, 196, 1012),
(54478, 789, 6361, 196, 1027),
(54479, 789, 6362, 196, 1044),
(54480, 789, 6363, 196, 1062),
(54481, 789, 6364, 196, 1077),
(54482, 789, 6365, 196, 1092),
(54483, 789, 6366, 196, 1107),
(54484, 789, 6367, 196, 1122),
(54485, 789, 6368, 196, 1133),
(54486, 781, 6369, 196, 1080),
(54487, 781, 6370, 196, 1100),
(54488, 781, 6371, 196, 1125),
(54489, 781, 6372, 196, 1155),
(54490, 781, 6373, 196, 1185),
(54491, 781, 6374, 196, 1215),
(54492, 781, 6375, 196, 1245),
(54493, 781, 6376, 196, 1275),
(54494, 781, 6377, 196, 1305),
(54495, 781, 6378, 196, 1335),
(54496, 781, 6379, 196, 1365),
(54497, 781, 6380, 196, 1395),
(54498, 782, 6369, 196, 1085),
(54499, 782, 6370, 196, 1105),
(54500, 782, 6371, 196, 1130),
(54501, 782, 6372, 196, 1158),
(54502, 782, 6373, 196, 1188),
(54503, 782, 6374, 196, 1218),
(54504, 782, 6375, 196, 1248),
(54505, 782, 6376, 196, 1278),
(54506, 782, 6377, 196, 1308),
(54507, 782, 6378, 196, 1338),
(54508, 782, 6379, 196, 1368),
(54509, 782, 6380, 196, 1398),
(54510, 783, 6369, 196, 1099),
(54511, 783, 6370, 196, 1115),
(54512, 783, 6371, 196, 1140),
(54513, 783, 6372, 196, 1165),
(54514, 783, 6373, 196, 1195),
(54515, 783, 6374, 196, 1225),
(54516, 783, 6375, 196, 1255),
(54517, 783, 6376, 196, 1285),
(54518, 783, 6377, 196, 1315),
(54519, 783, 6378, 196, 1345),
(54520, 783, 6379, 196, 1375),
(54521, 783, 6380, 196, 1405),
(54522, 784, 6369, 196, 1108),
(54523, 784, 6370, 196, 1123),
(54524, 784, 6371, 196, 1147),
(54525, 784, 6372, 196, 1172),
(54526, 784, 6373, 196, 1202),
(54527, 784, 6374, 196, 1232),
(54528, 784, 6375, 196, 1262),
(54529, 784, 6376, 196, 1292),
(54530, 784, 6377, 196, 1322),
(54531, 784, 6378, 196, 1352),
(54532, 784, 6379, 196, 1382),
(54533, 784, 6380, 196, 1412),
(54534, 785, 6369, 196, 1112),
(54535, 785, 6370, 196, 1127),
(54536, 785, 6371, 196, 1151),
(54537, 785, 6372, 196, 1176),
(54538, 785, 6373, 196, 1206),
(54539, 785, 6374, 196, 1236),
(54540, 785, 6375, 196, 1266),
(54541, 785, 6376, 196, 1296),
(54542, 785, 6377, 196, 1326),
(54543, 785, 6378, 196, 1356),
(54544, 785, 6379, 196, 1386),
(54545, 785, 6380, 196, 1416),
(54546, 786, 6369, 196, 1118),
(54547, 786, 6370, 196, 1133),
(54548, 786, 6371, 196, 1156),
(54549, 786, 6372, 196, 1181),
(54550, 786, 6373, 196, 1211),
(54551, 786, 6374, 196, 1241),
(54552, 786, 6375, 196, 1271),
(54553, 786, 6376, 196, 1301),
(54554, 786, 6377, 196, 1331),
(54555, 786, 6378, 196, 1361),
(54556, 786, 6379, 196, 1391),
(54557, 786, 6380, 196, 1421),
(54558, 787, 6369, 196, 1123),
(54559, 787, 6370, 196, 1138),
(54560, 787, 6371, 196, 1161),
(54561, 787, 6372, 196, 1186),
(54562, 787, 6373, 196, 1216),
(54563, 787, 6374, 196, 1246),
(54564, 787, 6375, 196, 1276),
(54565, 787, 6376, 196, 1306),
(54566, 787, 6377, 196, 1336),
(54567, 787, 6378, 196, 1366),
(54568, 787, 6379, 196, 1396),
(54569, 787, 6380, 196, 1426),
(54570, 788, 6369, 196, 1134),
(54571, 788, 6370, 196, 1149),
(54572, 788, 6371, 196, 1171),
(54573, 788, 6372, 196, 1196),
(54574, 788, 6373, 196, 1226),
(54575, 788, 6374, 196, 1256),
(54576, 788, 6375, 196, 1286),
(54577, 788, 6376, 196, 1316),
(54578, 788, 6377, 196, 1346),
(54579, 788, 6378, 196, 1376),
(54580, 788, 6379, 196, 1406),
(54581, 788, 6380, 196, 1436),
(54582, 789, 6369, 196, 1145),
(54583, 789, 6370, 196, 1159),
(54584, 789, 6371, 196, 1181),
(54585, 789, 6372, 196, 1206),
(54586, 789, 6373, 196, 1236),
(54587, 789, 6374, 196, 1266),
(54588, 789, 6375, 196, 1296),
(54589, 789, 6376, 196, 1326),
(54590, 789, 6377, 196, 1356),
(54591, 789, 6378, 196, 1386),
(54592, 789, 6379, 196, 1416),
(54593, 789, 6380, 196, 1446),
(54594, 781, 6381, 197, 405),
(54595, 781, 6382, 197, 435),
(54596, 781, 6383, 197, 465),
(54597, 781, 6384, 197, 490),
(54598, 781, 6385, 197, 510),
(54599, 781, 6386, 197, 525),
(54600, 781, 6387, 197, 540),
(54601, 781, 6388, 197, 555),
(54602, 781, 6389, 197, 570),
(54603, 781, 6390, 197, 585),
(54604, 781, 6391, 197, 600),
(54605, 781, 6392, 197, 615),
(54606, 781, 6393, 197, 630),
(54607, 781, 6394, 197, 645),
(54608, 781, 6395, 197, 660),
(54609, 781, 6396, 197, 675),
(54610, 781, 6397, 197, 690),
(54611, 781, 6398, 197, 705),
(54612, 781, 6399, 197, 720),
(54613, 781, 6400, 197, 735),
(54614, 781, 6401, 197, 750),
(54615, 781, 6402, 197, 765),
(54616, 781, 6403, 197, 780),
(54617, 781, 6404, 197, 795),
(54618, 781, 6405, 197, 810),
(54619, 781, 6406, 197, 825),
(54620, 781, 6407, 197, 840),
(54621, 781, 6408, 197, 855),
(54622, 781, 6409, 197, 870),
(54623, 781, 6410, 197, 885),
(54624, 781, 6411, 197, 900),
(54625, 781, 6412, 197, 915),
(54626, 781, 6413, 197, 930),
(54627, 781, 6414, 197, 945),
(54628, 781, 6415, 197, 960),
(54629, 781, 6416, 197, 975),
(54630, 781, 6417, 197, 990),
(54631, 781, 6418, 197, 1005),
(54632, 781, 6419, 197, 1020),
(54633, 781, 6420, 197, 1040),
(54634, 781, 6421, 197, 1060),
(54635, 781, 6422, 197, 1080),
(54636, 781, 6423, 197, 1100),
(54637, 781, 6424, 197, 1125),
(54638, 781, 6425, 197, 1155),
(54639, 781, 6426, 197, 1185),
(54640, 781, 6427, 197, 1215),
(54641, 781, 6428, 197, 1245),
(54642, 781, 6429, 197, 1275),
(54643, 781, 6430, 197, 1305),
(54644, 781, 6431, 197, 1335),
(54645, 781, 6432, 197, 1365),
(54646, 781, 6433, 197, 1395),
(54647, 782, 6381, 197, 408),
(54648, 782, 6382, 197, 438),
(54649, 782, 6383, 197, 468),
(54650, 782, 6384, 197, 493),
(54651, 782, 6385, 197, 515),
(54652, 782, 6386, 197, 530),
(54653, 782, 6387, 197, 545),
(54654, 782, 6388, 197, 560),
(54655, 782, 6389, 197, 575),
(54656, 782, 6390, 197, 590),
(54657, 782, 6391, 197, 605),
(54658, 782, 6392, 197, 620),
(54659, 782, 6393, 197, 635),
(54660, 782, 6394, 197, 650),
(54661, 782, 6395, 197, 665),
(54662, 782, 6396, 197, 680),
(54663, 782, 6397, 197, 695),
(54664, 782, 6398, 197, 710),
(54665, 782, 6399, 197, 725),
(54666, 782, 6400, 197, 740),
(54667, 782, 6401, 197, 755),
(54668, 782, 6402, 197, 770),
(54669, 782, 6403, 197, 785),
(54670, 782, 6404, 197, 800),
(54671, 782, 6405, 197, 815),
(54672, 782, 6406, 197, 830),
(54673, 782, 6407, 197, 845),
(54674, 782, 6408, 197, 860),
(54675, 782, 6409, 197, 875),
(54676, 782, 6410, 197, 890),
(54677, 782, 6411, 197, 905),
(54678, 782, 6412, 197, 920),
(54679, 782, 6413, 197, 935),
(54680, 782, 6414, 197, 950),
(54681, 782, 6415, 197, 965),
(54682, 782, 6416, 197, 980),
(54683, 782, 6417, 197, 995),
(54684, 782, 6418, 197, 1010),
(54685, 782, 6419, 197, 1025),
(54686, 782, 6420, 197, 1045),
(54687, 782, 6421, 197, 1065),
(54688, 782, 6422, 197, 1085),
(54689, 782, 6423, 197, 1105);
INSERT INTO `timetable_line` (`timetable_line_id`, `timing_point`, `service`, 
`daily_timetable`, `time`) VALUES
(54690, 782, 6424, 197, 1128),
(54691, 782, 6425, 197, 1158),
(54692, 782, 6426, 197, 1188),
(54693, 782, 6427, 197, 1218),
(54694, 782, 6428, 197, 1248),
(54695, 782, 6429, 197, 1278),
(54696, 782, 6430, 197, 1308),
(54697, 782, 6431, 197, 1338),
(54698, 782, 6432, 197, 1368),
(54699, 782, 6433, 197, 1398),
(54700, 783, 6381, 197, 415),
(54701, 783, 6382, 197, 445),
(54702, 783, 6383, 197, 475),
(54703, 783, 6384, 197, 500),
(54704, 783, 6385, 197, 525),
(54705, 783, 6386, 197, 540),
(54706, 783, 6387, 197, 555),
(54707, 783, 6388, 197, 570),
(54708, 783, 6389, 197, 585),
(54709, 783, 6390, 197, 600),
(54710, 783, 6391, 197, 615),
(54711, 783, 6392, 197, 630),
(54712, 783, 6393, 197, 645),
(54713, 783, 6394, 197, 660),
(54714, 783, 6395, 197, 675),
(54715, 783, 6396, 197, 690),
(54716, 783, 6397, 197, 705),
(54717, 783, 6398, 197, 720),
(54718, 783, 6399, 197, 735),
(54719, 783, 6400, 197, 750),
(54720, 783, 6401, 197, 765),
(54721, 783, 6402, 197, 780),
(54722, 783, 6403, 197, 795),
(54723, 783, 6404, 197, 810),
(54724, 783, 6405, 197, 825),
(54725, 783, 6406, 197, 840),
(54726, 783, 6407, 197, 855),
(54727, 783, 6408, 197, 870),
(54728, 783, 6409, 197, 885),
(54729, 783, 6410, 197, 900),
(54730, 783, 6411, 197, 915),
(54731, 783, 6412, 197, 930),
(54732, 783, 6413, 197, 945),
(54733, 783, 6414, 197, 960),
(54734, 783, 6415, 197, 975),
(54735, 783, 6416, 197, 990),
(54736, 783, 6417, 197, 1005),
(54737, 783, 6418, 197, 1020),
(54738, 783, 6419, 197, 1035),
(54739, 783, 6420, 197, 1055),
(54740, 783, 6421, 197, 1075),
(54741, 783, 6422, 197, 1095),
(54742, 783, 6423, 197, 1115),
(54743, 783, 6424, 197, 1135),
(54744, 783, 6425, 197, 1165),
(54745, 783, 6426, 197, 1195),
(54746, 783, 6427, 197, 1225),
(54747, 783, 6428, 197, 1255),
(54748, 783, 6429, 197, 1285),
(54749, 783, 6430, 197, 1315),
(54750, 783, 6431, 197, 1345),
(54751, 783, 6432, 197, 1375),
(54752, 783, 6433, 197, 1405),
(54753, 784, 6381, 197, 422),
(54754, 784, 6382, 197, 452),
(54755, 784, 6383, 197, 482),
(54756, 784, 6384, 197, 507),
(54757, 784, 6385, 197, 533),
(54758, 784, 6386, 197, 548),
(54759, 784, 6387, 197, 563),
(54760, 784, 6388, 197, 578),
(54761, 784, 6389, 197, 593),
(54762, 784, 6390, 197, 608),
(54763, 784, 6391, 197, 623),
(54764, 784, 6392, 197, 638),
(54765, 784, 6393, 197, 653),
(54766, 784, 6394, 197, 668),
(54767, 784, 6395, 197, 683),
(54768, 784, 6396, 197, 698),
(54769, 784, 6397, 197, 713),
(54770, 784, 6398, 197, 728),
(54771, 784, 6399, 197, 743),
(54772, 784, 6400, 197, 758),
(54773, 784, 6401, 197, 773),
(54774, 784, 6402, 197, 788),
(54775, 784, 6403, 197, 803),
(54776, 784, 6404, 197, 818),
(54777, 784, 6405, 197, 833),
(54778, 784, 6406, 197, 848),
(54779, 784, 6407, 197, 863),
(54780, 784, 6408, 197, 878),
(54781, 784, 6409, 197, 893),
(54782, 784, 6410, 197, 908),
(54783, 784, 6411, 197, 923),
(54784, 784, 6412, 197, 938),
(54785, 784, 6413, 197, 953),
(54786, 784, 6414, 197, 968),
(54787, 784, 6415, 197, 983),
(54788, 784, 6416, 197, 998),
(54789, 784, 6417, 197, 1013),
(54790, 784, 6418, 197, 1028),
(54791, 784, 6419, 197, 1043),
(54792, 784, 6420, 197, 1063),
(54793, 784, 6421, 197, 1083),
(54794, 784, 6422, 197, 1103),
(54795, 784, 6423, 197, 1122),
(54796, 784, 6424, 197, 1142),
(54797, 784, 6425, 197, 1172),
(54798, 784, 6426, 197, 1202),
(54799, 784, 6427, 197, 1232),
(54800, 784, 6428, 197, 1262),
(54801, 784, 6429, 197, 1292),
(54802, 784, 6430, 197, 1322),
(54803, 784, 6431, 197, 1352),
(54804, 784, 6432, 197, 1382),
(54805, 784, 6433, 197, 1412),
(54806, 785, 6381, 197, 426),
(54807, 785, 6382, 197, 456),
(54808, 785, 6383, 197, 486),
(54809, 785, 6384, 197, 511),
(54810, 785, 6385, 197, 537),
(54811, 785, 6386, 197, 552),
(54812, 785, 6387, 197, 567),
(54813, 785, 6388, 197, 582),
(54814, 785, 6389, 197, 597),
(54815, 785, 6390, 197, 612),
(54816, 785, 6391, 197, 627),
(54817, 785, 6392, 197, 642),
(54818, 785, 6393, 197, 657),
(54819, 785, 6394, 197, 672),
(54820, 785, 6395, 197, 687),
(54821, 785, 6396, 197, 702),
(54822, 785, 6397, 197, 717),
(54823, 785, 6398, 197, 732),
(54824, 785, 6399, 197, 747),
(54825, 785, 6400, 197, 762),
(54826, 785, 6401, 197, 777),
(54827, 785, 6402, 197, 792),
(54828, 785, 6403, 197, 807),
(54829, 785, 6404, 197, 822),
(54830, 785, 6405, 197, 837),
(54831, 785, 6406, 197, 852),
(54832, 785, 6407, 197, 867),
(54833, 785, 6408, 197, 882),
(54834, 785, 6409, 197, 897),
(54835, 785, 6410, 197, 912),
(54836, 785, 6411, 197, 927),
(54837, 785, 6412, 197, 942),
(54838, 785, 6413, 197, 957),
(54839, 785, 6414, 197, 972),
(54840, 785, 6415, 197, 987),
(54841, 785, 6416, 197, 1002),
(54842, 785, 6417, 197, 1017),
(54843, 785, 6418, 197, 1032),
(54844, 785, 6419, 197, 1047),
(54845, 785, 6420, 197, 1067),
(54846, 785, 6421, 197, 1087),
(54847, 785, 6422, 197, 1107),
(54848, 785, 6423, 197, 1126),
(54849, 785, 6424, 197, 1146),
(54850, 785, 6425, 197, 1176),
(54851, 785, 6426, 197, 1206),
(54852, 785, 6427, 197, 1236),
(54853, 785, 6428, 197, 1266),
(54854, 785, 6429, 197, 1296),
(54855, 785, 6430, 197, 1326),
(54856, 785, 6431, 197, 1356),
(54857, 785, 6432, 197, 1386),
(54858, 785, 6433, 197, 1416),
(54859, 786, 6381, 197, 431),
(54860, 786, 6382, 197, 461),
(54861, 786, 6383, 197, 491),
(54862, 786, 6384, 197, 517),
(54863, 786, 6385, 197, 543),
(54864, 786, 6386, 197, 558),
(54865, 786, 6387, 197, 573),
(54866, 786, 6388, 197, 588),
(54867, 786, 6389, 197, 603),
(54868, 786, 6390, 197, 618),
(54869, 786, 6391, 197, 633),
(54870, 786, 6392, 197, 648),
(54871, 786, 6393, 197, 663),
(54872, 786, 6394, 197, 678),
(54873, 786, 6395, 197, 693),
(54874, 786, 6396, 197, 708),
(54875, 786, 6397, 197, 723),
(54876, 786, 6398, 197, 738),
(54877, 786, 6399, 197, 753),
(54878, 786, 6400, 197, 768),
(54879, 786, 6401, 197, 783),
(54880, 786, 6402, 197, 798),
(54881, 786, 6403, 197, 813),
(54882, 786, 6404, 197, 828),
(54883, 786, 6405, 197, 843),
(54884, 786, 6406, 197, 858),
(54885, 786, 6407, 197, 873),
(54886, 786, 6408, 197, 888),
(54887, 786, 6409, 197, 903),
(54888, 786, 6410, 197, 918),
(54889, 786, 6411, 197, 933),
(54890, 786, 6412, 197, 948),
(54891, 786, 6413, 197, 963),
(54892, 786, 6414, 197, 978),
(54893, 786, 6415, 197, 993),
(54894, 786, 6416, 197, 1008),
(54895, 786, 6417, 197, 1023),
(54896, 786, 6418, 197, 1038),
(54897, 786, 6419, 197, 1053),
(54898, 786, 6420, 197, 1073),
(54899, 786, 6421, 197, 1093),
(54900, 786, 6422, 197, 1113),
(54901, 786, 6423, 197, 1131),
(54902, 786, 6424, 197, 1151),
(54903, 786, 6425, 197, 1181),
(54904, 786, 6426, 197, 1211),
(54905, 786, 6427, 197, 1241),
(54906, 786, 6428, 197, 1271),
(54907, 786, 6429, 197, 1301),
(54908, 786, 6430, 197, 1331),
(54909, 786, 6431, 197, 1361),
(54910, 786, 6432, 197, 1391),
(54911, 786, 6433, 197, 1421),
(54912, 787, 6381, 197, 436),
(54913, 787, 6382, 197, 466),
(54914, 787, 6383, 197, 496),
(54915, 787, 6384, 197, 522),
(54916, 787, 6385, 197, 548),
(54917, 787, 6386, 197, 563),
(54918, 787, 6387, 197, 578),
(54919, 787, 6388, 197, 593),
(54920, 787, 6389, 197, 608),
(54921, 787, 6390, 197, 623),
(54922, 787, 6391, 197, 638),
(54923, 787, 6392, 197, 653),
(54924, 787, 6393, 197, 668),
(54925, 787, 6394, 197, 683),
(54926, 787, 6395, 197, 698),
(54927, 787, 6396, 197, 713),
(54928, 787, 6397, 197, 728),
(54929, 787, 6398, 197, 743),
(54930, 787, 6399, 197, 758),
(54931, 787, 6400, 197, 773),
(54932, 787, 6401, 197, 788),
(54933, 787, 6402, 197, 803),
(54934, 787, 6403, 197, 818),
(54935, 787, 6404, 197, 833),
(54936, 787, 6405, 197, 848),
(54937, 787, 6406, 197, 863),
(54938, 787, 6407, 197, 878),
(54939, 787, 6408, 197, 893),
(54940, 787, 6409, 197, 908),
(54941, 787, 6410, 197, 923),
(54942, 787, 6411, 197, 938),
(54943, 787, 6412, 197, 953),
(54944, 787, 6413, 197, 968),
(54945, 787, 6414, 197, 983),
(54946, 787, 6415, 197, 998),
(54947, 787, 6416, 197, 1013),
(54948, 787, 6417, 197, 1028),
(54949, 787, 6418, 197, 1043),
(54950, 787, 6419, 197, 1058),
(54951, 787, 6420, 197, 1078),
(54952, 787, 6421, 197, 1098),
(54953, 787, 6422, 197, 1118),
(54954, 787, 6423, 197, 1136),
(54955, 787, 6424, 197, 1156),
(54956, 787, 6425, 197, 1186),
(54957, 787, 6426, 197, 1216),
(54958, 787, 6427, 197, 1246),
(54959, 787, 6428, 197, 1276),
(54960, 787, 6429, 197, 1306),
(54961, 787, 6430, 197, 1336),
(54962, 787, 6431, 197, 1366),
(54963, 787, 6432, 197, 1396),
(54964, 787, 6433, 197, 1426),
(54965, 788, 6381, 197, 446),
(54966, 788, 6382, 197, 476),
(54967, 788, 6383, 197, 506),
(54968, 788, 6384, 197, 533),
(54969, 788, 6385, 197, 559),
(54970, 788, 6386, 197, 574),
(54971, 788, 6387, 197, 589),
(54972, 788, 6388, 197, 604),
(54973, 788, 6389, 197, 619),
(54974, 788, 6390, 197, 634),
(54975, 788, 6391, 197, 649),
(54976, 788, 6392, 197, 664),
(54977, 788, 6393, 197, 679),
(54978, 788, 6394, 197, 694),
(54979, 788, 6395, 197, 709),
(54980, 788, 6396, 197, 724),
(54981, 788, 6397, 197, 739),
(54982, 788, 6398, 197, 754),
(54983, 788, 6399, 197, 769),
(54984, 788, 6400, 197, 784),
(54985, 788, 6401, 197, 799),
(54986, 788, 6402, 197, 814),
(54987, 788, 6403, 197, 829),
(54988, 788, 6404, 197, 844),
(54989, 788, 6405, 197, 859),
(54990, 788, 6406, 197, 874),
(54991, 788, 6407, 197, 889),
(54992, 788, 6408, 197, 904),
(54993, 788, 6409, 197, 919),
(54994, 788, 6410, 197, 934),
(54995, 788, 6411, 197, 949),
(54996, 788, 6412, 197, 964),
(54997, 788, 6413, 197, 979),
(54998, 788, 6414, 197, 994),
(54999, 788, 6415, 197, 1009),
(55000, 788, 6416, 197, 1024),
(55001, 788, 6417, 197, 1039),
(55002, 788, 6418, 197, 1054),
(55003, 788, 6419, 197, 1069),
(55004, 788, 6420, 197, 1089),
(55005, 788, 6421, 197, 1109),
(55006, 788, 6422, 197, 1128),
(55007, 788, 6423, 197, 1146),
(55008, 788, 6424, 197, 1166),
(55009, 788, 6425, 197, 1196),
(55010, 788, 6426, 197, 1226),
(55011, 788, 6427, 197, 1256),
(55012, 788, 6428, 197, 1286),
(55013, 788, 6429, 197, 1316),
(55014, 788, 6430, 197, 1346),
(55015, 788, 6431, 197, 1376),
(55016, 788, 6432, 197, 1406),
(55017, 788, 6433, 197, 1436),
(55018, 789, 6381, 197, 456),
(55019, 789, 6382, 197, 486),
(55020, 789, 6383, 197, 516),
(55021, 789, 6384, 197, 544),
(55022, 789, 6385, 197, 570),
(55023, 789, 6386, 197, 585),
(55024, 789, 6387, 197, 600),
(55025, 789, 6388, 197, 615),
(55026, 789, 6389, 197, 630),
(55027, 789, 6390, 197, 645),
(55028, 789, 6391, 197, 660),
(55029, 789, 6392, 197, 675),
(55030, 789, 6393, 197, 690),
(55031, 789, 6394, 197, 705),
(55032, 789, 6395, 197, 720),
(55033, 789, 6396, 197, 735),
(55034, 789, 6397, 197, 750),
(55035, 789, 6398, 197, 765),
(55036, 789, 6399, 197, 780),
(55037, 789, 6400, 197, 795),
(55038, 789, 6401, 197, 810),
(55039, 789, 6402, 197, 825),
(55040, 789, 6403, 197, 840),
(55041, 789, 6404, 197, 855),
(55042, 789, 6405, 197, 870),
(55043, 789, 6406, 197, 885),
(55044, 789, 6407, 197, 900),
(55045, 789, 6408, 197, 915),
(55046, 789, 6409, 197, 930),
(55047, 789, 6410, 197, 945),
(55048, 789, 6411, 197, 960),
(55049, 789, 6412, 197, 975),
(55050, 789, 6413, 197, 990),
(55051, 789, 6414, 197, 1005),
(55052, 789, 6415, 197, 1020),
(55053, 789, 6416, 197, 1035),
(55054, 789, 6417, 197, 1050),
(55055, 789, 6418, 197, 1065),
(55056, 789, 6419, 197, 1080),
(55057, 789, 6420, 197, 1100),
(55058, 789, 6421, 197, 1120),
(55059, 789, 6422, 197, 1138),
(55060, 789, 6423, 197, 1156),
(55061, 789, 6424, 197, 1176),
(55062, 789, 6425, 197, 1206),
(55063, 789, 6426, 197, 1236),
(55064, 789, 6427, 197, 1266),
(55065, 789, 6428, 197, 1296),
(55066, 789, 6429, 197, 1326),
(55067, 789, 6430, 197, 1356),
(55068, 789, 6431, 197, 1386),
(55069, 789, 6432, 197, 1416),
(55070, 789, 6433, 197, 1446),
(55071, 781, 6434, 198, 495),
(55072, 781, 6435, 198, 555),
(55073, 781, 6436, 198, 585),
(55074, 781, 6437, 198, 615),
(55075, 781, 6438, 198, 645),
(55076, 781, 6439, 198, 675),
(55077, 781, 6440, 198, 705),
(55078, 781, 6441, 198, 735),
(55079, 781, 6442, 198, 765),
(55080, 781, 6443, 198, 795),
(55081, 781, 6444, 198, 825),
(55082, 781, 6445, 198, 855),
(55083, 781, 6446, 198, 885),
(55084, 781, 6447, 198, 915),
(55085, 781, 6448, 198, 945),
(55086, 781, 6449, 198, 975),
(55087, 781, 6450, 198, 1005),
(55088, 781, 6451, 198, 1035),
(55089, 781, 6452, 198, 1065),
(55090, 781, 6453, 198, 1095),
(55091, 781, 6454, 198, 1125),
(55092, 781, 6455, 198, 1155),
(55093, 781, 6456, 198, 1185),
(55094, 781, 6457, 198, 1245),
(55095, 781, 6458, 198, 1305),
(55096, 781, 6459, 198, 1365),
(55097, 782, 6434, 198, 498),
(55098, 782, 6435, 198, 558),
(55099, 782, 6436, 198, 590),
(55100, 782, 6437, 198, 620),
(55101, 782, 6438, 198, 650),
(55102, 782, 6439, 198, 680),
(55103, 782, 6440, 198, 710),
(55104, 782, 6441, 198, 740),
(55105, 782, 6442, 198, 770),
(55106, 782, 6443, 198, 800),
(55107, 782, 6444, 198, 830),
(55108, 782, 6445, 198, 860),
(55109, 782, 6446, 198, 890),
(55110, 782, 6447, 198, 920),
(55111, 782, 6448, 198, 950),
(55112, 782, 6449, 198, 980),
(55113, 782, 6450, 198, 1010),
(55114, 782, 6451, 198, 1038),
(55115, 782, 6452, 198, 1068),
(55116, 782, 6453, 198, 1098),
(55117, 782, 6454, 198, 1128),
(55118, 782, 6455, 198, 1158),
(55119, 782, 6456, 198, 1188),
(55120, 782, 6457, 198, 1248),
(55121, 782, 6458, 198, 1308),
(55122, 782, 6459, 198, 1368),
(55123, 783, 6434, 198, 505),
(55124, 783, 6435, 198, 565),
(55125, 783, 6436, 198, 600),
(55126, 783, 6437, 198, 630),
(55127, 783, 6438, 198, 660),
(55128, 783, 6439, 198, 690),
(55129, 783, 6440, 198, 720),
(55130, 783, 6441, 198, 750),
(55131, 783, 6442, 198, 780),
(55132, 783, 6443, 198, 810),
(55133, 783, 6444, 198, 840),
(55134, 783, 6445, 198, 870),
(55135, 783, 6446, 198, 900),
(55136, 783, 6447, 198, 930),
(55137, 783, 6448, 198, 960),
(55138, 783, 6449, 198, 990),
(55139, 783, 6450, 198, 1020),
(55140, 783, 6451, 198, 1045),
(55141, 783, 6452, 198, 1075),
(55142, 783, 6453, 198, 1105),
(55143, 783, 6454, 198, 1135),
(55144, 783, 6455, 198, 1165),
(55145, 783, 6456, 198, 1195),
(55146, 783, 6457, 198, 1255),
(55147, 783, 6458, 198, 1315),
(55148, 783, 6459, 198, 1375),
(55149, 784, 6434, 198, 512),
(55150, 784, 6435, 198, 572),
(55151, 784, 6436, 198, 608),
(55152, 784, 6437, 198, 638),
(55153, 784, 6438, 198, 668),
(55154, 784, 6439, 198, 698),
(55155, 784, 6440, 198, 728),
(55156, 784, 6441, 198, 758),
(55157, 784, 6442, 198, 788),
(55158, 784, 6443, 198, 818),
(55159, 784, 6444, 198, 848),
(55160, 784, 6445, 198, 878),
(55161, 784, 6446, 198, 908),
(55162, 784, 6447, 198, 938),
(55163, 784, 6448, 198, 968),
(55164, 784, 6449, 198, 998),
(55165, 784, 6450, 198, 1028),
(55166, 784, 6451, 198, 1052),
(55167, 784, 6452, 198, 1082),
(55168, 784, 6453, 198, 1112),
(55169, 784, 6454, 198, 1142),
(55170, 784, 6455, 198, 1172),
(55171, 784, 6456, 198, 1202),
(55172, 784, 6457, 198, 1262),
(55173, 784, 6458, 198, 1322),
(55174, 784, 6459, 198, 1382),
(55175, 785, 6434, 198, 516),
(55176, 785, 6435, 198, 576),
(55177, 785, 6436, 198, 612),
(55178, 785, 6437, 198, 642),
(55179, 785, 6438, 198, 672),
(55180, 785, 6439, 198, 702),
(55181, 785, 6440, 198, 732),
(55182, 785, 6441, 198, 762),
(55183, 785, 6442, 198, 792),
(55184, 785, 6443, 198, 822),
(55185, 785, 6444, 198, 852),
(55186, 785, 6445, 198, 882),
(55187, 785, 6446, 198, 912),
(55188, 785, 6447, 198, 942),
(55189, 785, 6448, 198, 972),
(55190, 785, 6449, 198, 1002),
(55191, 785, 6450, 198, 1032),
(55192, 785, 6451, 198, 1056),
(55193, 785, 6452, 198, 1086),
(55194, 785, 6453, 198, 1116),
(55195, 785, 6454, 198, 1146),
(55196, 785, 6455, 198, 1176),
(55197, 785, 6456, 198, 1206),
(55198, 785, 6457, 198, 1266),
(55199, 785, 6458, 198, 1326),
(55200, 785, 6459, 198, 1386),
(55201, 786, 6434, 198, 521),
(55202, 786, 6435, 198, 581),
(55203, 786, 6436, 198, 618),
(55204, 786, 6437, 198, 648),
(55205, 786, 6438, 198, 678),
(55206, 786, 6439, 198, 708),
(55207, 786, 6440, 198, 738),
(55208, 786, 6441, 198, 768),
(55209, 786, 6442, 198, 798),
(55210, 786, 6443, 198, 828),
(55211, 786, 6444, 198, 858),
(55212, 786, 6445, 198, 888),
(55213, 786, 6446, 198, 918),
(55214, 786, 6447, 198, 948),
(55215, 786, 6448, 198, 978),
(55216, 786, 6449, 198, 1008),
(55217, 786, 6450, 198, 1038),
(55218, 786, 6451, 198, 1061),
(55219, 786, 6452, 198, 1091),
(55220, 786, 6453, 198, 1121),
(55221, 786, 6454, 198, 1151),
(55222, 786, 6455, 198, 1181),
(55223, 786, 6456, 198, 1211),
(55224, 786, 6457, 198, 1271),
(55225, 786, 6458, 198, 1331),
(55226, 786, 6459, 198, 1391),
(55227, 787, 6434, 198, 526),
(55228, 787, 6435, 198, 586),
(55229, 787, 6436, 198, 623),
(55230, 787, 6437, 198, 653),
(55231, 787, 6438, 198, 683),
(55232, 787, 6439, 198, 713),
(55233, 787, 6440, 198, 743),
(55234, 787, 6441, 198, 773),
(55235, 787, 6442, 198, 803),
(55236, 787, 6443, 198, 833),
(55237, 787, 6444, 198, 863),
(55238, 787, 6445, 198, 893),
(55239, 787, 6446, 198, 923),
(55240, 787, 6447, 198, 953),
(55241, 787, 6448, 198, 983),
(55242, 787, 6449, 198, 1013),
(55243, 787, 6450, 198, 1043),
(55244, 787, 6451, 198, 1066),
(55245, 787, 6452, 198, 1096),
(55246, 787, 6453, 198, 1126),
(55247, 787, 6454, 198, 1156),
(55248, 787, 6455, 198, 1186),
(55249, 787, 6456, 198, 1216),
(55250, 787, 6457, 198, 1276),
(55251, 787, 6458, 198, 1336),
(55252, 787, 6459, 198, 1396),
(55253, 788, 6434, 198, 536),
(55254, 788, 6435, 198, 597),
(55255, 788, 6436, 198, 634),
(55256, 788, 6437, 198, 664),
(55257, 788, 6438, 198, 694),
(55258, 788, 6439, 198, 724),
(55259, 788, 6440, 198, 754),
(55260, 788, 6441, 198, 784),
(55261, 788, 6442, 198, 814),
(55262, 788, 6443, 198, 844),
(55263, 788, 6444, 198, 874),
(55264, 788, 6445, 198, 904),
(55265, 788, 6446, 198, 934),
(55266, 788, 6447, 198, 964),
(55267, 788, 6448, 198, 994),
(55268, 788, 6449, 198, 1024),
(55269, 788, 6450, 198, 1053),
(55270, 788, 6451, 198, 1076),
(55271, 788, 6452, 198, 1106),
(55272, 788, 6453, 198, 1136),
(55273, 788, 6454, 198, 1166),
(55274, 788, 6455, 198, 1196),
(55275, 788, 6456, 198, 1226),
(55276, 788, 6457, 198, 1286),
(55277, 788, 6458, 198, 1346),
(55278, 788, 6459, 198, 1406),
(55279, 789, 6434, 198, 546),
(55280, 789, 6435, 198, 608),
(55281, 789, 6436, 198, 645),
(55282, 789, 6437, 198, 675),
(55283, 789, 6438, 198, 705),
(55284, 789, 6439, 198, 735),
(55285, 789, 6440, 198, 765),
(55286, 789, 6441, 198, 795),
(55287, 789, 6442, 198, 825),
(55288, 789, 6443, 198, 855),
(55289, 789, 6444, 198, 885),
(55290, 789, 6445, 198, 915),
(55291, 789, 6446, 198, 945),
(55292, 789, 6447, 198, 975),
(55293, 789, 6448, 198, 1005),
(55294, 789, 6449, 198, 1035),
(55295, 789, 6450, 198, 1063),
(55296, 789, 6451, 198, 1086),
(55297, 789, 6452, 198, 1116),
(55298, 789, 6453, 198, 1146),
(55299, 789, 6454, 198, 1176),
(55300, 789, 6455, 198, 1206),
(55301, 789, 6456, 198, 1236),
(55302, 789, 6457, 198, 1296),
(55303, 789, 6458, 198, 1356),
(55304, 789, 6459, 198, 1416),
(55305, 793, 6460, 199, 362),
(55306, 793, 6461, 199, 387),
(55307, 793, 6462, 199, 420),
(55308, 793, 6463, 199, 465),
(55309, 793, 6464, 199, 509),
(55310, 793, 6465, 199, 569),
(55311, 793, 6466, 199, 629),
(55312, 793, 6467, 199, 689),
(55313, 793, 6468, 199, 749),
(55314, 794, 6460, 199, 365),
(55315, 794, 6461, 199, 390),
(55316, 794, 6462, 199, 423),
(55317, 794, 6463, 199, 468),
(55318, 794, 6464, 199, 512),
(55319, 794, 6465, 199, 572),
(55320, 794, 6466, 199, 632),
(55321, 794, 6467, 199, 692),
(55322, 794, 6468, 199, 752),
(55323, 796, 6460, 199, 368),
(55324, 796, 6461, 199, 393),
(55325, 796, 6462, 199, 426),
(55326, 796, 6463, 199, 471),
(55327, 796, 6464, 199, 515),
(55328, 796, 6465, 199, 575),
(55329, 796, 6466, 199, 635),
(55330, 796, 6467, 199, 695),
(55331, 796, 6468, 199, 755),
(55332, 797, 6460, 199, 371),
(55333, 797, 6461, 199, 396),
(55334, 797, 6462, 199, 429),
(55335, 797, 6463, 199, 474),
(55336, 798, 6461, 199, 401),
(55337, 798, 6462, 199, 434),
(55338, 798, 6463, 199, 479),
(55339, 798, 6464, 199, 520),
(55340, 798, 6465, 199, 580),
(55341, 798, 6466, 199, 640),
(55342, 798, 6467, 199, 700),
(55343, 798, 6468, 199, 760),
(55344, 799, 6461, 199, 410),
(55345, 799, 6462, 199, 443),
(55346, 799, 6463, 199, 488),
(55347, 799, 6464, 199, 529),
(55348, 799, 6465, 199, 589),
(55349, 799, 6466, 199, 649),
(55350, 799, 6467, 199, 709),
(55351, 799, 6468, 199, 769),
(55352, 800, 6461, 199, 416),
(55353, 800, 6462, 199, 451),
(55354, 800, 6463, 199, 496),
(55355, 800, 6464, 199, 537),
(55356, 800, 6465, 199, 595),
(55357, 800, 6466, 199, 655),
(55358, 800, 6467, 199, 715),
(55359, 800, 6468, 199, 775),
(55360, 801, 6461, 199, 417),
(55361, 801, 6462, 199, 453),
(55362, 801, 6463, 199, 498),
(55363, 801, 6464, 199, 539),
(55364, 801, 6465, 199, 597),
(55365, 801, 6466, 199, 657),
(55366, 801, 6467, 199, 717),
(55367, 801, 6468, 199, 777),
(55368, 802, 6461, 199, 428),
(55369, 802, 6462, 199, 469),
(55370, 802, 6463, 199, 514),
(55371, 802, 6464, 199, 555),
(55372, 802, 6465, 199, 608),
(55373, 802, 6466, 199, 668),
(55374, 802, 6467, 199, 728),
(55375, 802, 6468, 199, 788),
(55376, 803, 6461, 199, 439),
(55377, 803, 6462, 199, 488),
(55378, 803, 6463, 199, 533),
(55379, 803, 6464, 199, 574),
(55380, 803, 6465, 199, 619),
(55381, 803, 6466, 199, 679),
(55382, 803, 6467, 199, 739),
(55383, 803, 6468, 199, 799),
(55384, 793, 6469, 199, 809),
(55385, 793, 6470, 199, 869),
(55386, 793, 6471, 199, 929),
(55387, 793, 6472, 199, 1005),
(55388, 793, 6473, 199, 1073),
(55389, 793, 6474, 199, 1145),
(55390, 793, 6475, 199, 1210),
(55391, 793, 6476, 199, 1270),
(55392, 794, 6469, 199, 812),
(55393, 794, 6470, 199, 872),
(55394, 794, 6471, 199, 932),
(55395, 794, 6472, 199, 1008),
(55396, 794, 6473, 199, 1076),
(55397, 794, 6474, 199, 1148),
(55398, 794, 6475, 199, 1213),
(55399, 794, 6476, 199, 1273),
(55400, 796, 6469, 199, 815),
(55401, 796, 6470, 199, 875),
(55402, 796, 6471, 199, 935),
(55403, 796, 6472, 199, 1011),
(55404, 796, 6473, 199, 1079),
(55405, 796, 6474, 199, 1151),
(55406, 796, 6475, 199, 1216),
(55407, 796, 6476, 199, 1276),
(55408, 798, 6469, 199, 820),
(55409, 798, 6470, 199, 880),
(55410, 798, 6471, 199, 940),
(55411, 798, 6472, 199, 1016),
(55412, 798, 6473, 199, 1084),
(55413, 798, 6474, 199, 1156),
(55414, 798, 6475, 199, 1220),
(55415, 798, 6476, 199, 1280),
(55416, 799, 6469, 199, 829),
(55417, 799, 6470, 199, 889),
(55418, 799, 6471, 199, 949),
(55419, 799, 6472, 199, 1025),
(55420, 799, 6473, 199, 1093),
(55421, 799, 6474, 199, 1165),
(55422, 799, 6475, 199, 1226),
(55423, 799, 6476, 199, 1286),
(55424, 800, 6469, 199, 835),
(55425, 800, 6470, 199, 895),
(55426, 800, 6471, 199, 955),
(55427, 800, 6472, 199, 1031),
(55428, 800, 6473, 199, 1099),
(55429, 800, 6474, 199, 1171),
(55430, 800, 6475, 199, 1231),
(55431, 800, 6476, 199, 1291),
(55432, 801, 6469, 199, 837),
(55433, 801, 6470, 199, 897),
(55434, 801, 6471, 199, 957),
(55435, 801, 6472, 199, 1033),
(55436, 801, 6473, 199, 1100),
(55437, 801, 6474, 199, 1172),
(55438, 801, 6475, 199, 1232),
(55439, 801, 6476, 199, 1292),
(55440, 802, 6469, 199, 848),
(55441, 802, 6470, 199, 908),
(55442, 802, 6471, 199, 968),
(55443, 802, 6472, 199, 1044),
(55444, 802, 6473, 199, 1112),
(55445, 802, 6474, 199, 1182),
(55446, 802, 6475, 199, 1242),
(55447, 802, 6476, 199, 1302),
(55448, 803, 6469, 199, 859),
(55449, 803, 6470, 199, 919),
(55450, 803, 6471, 199, 979),
(55451, 803, 6472, 199, 1055),
(55452, 803, 6473, 199, 1123),
(55453, 803, 6474, 199, 1191),
(55454, 803, 6475, 199, 1251),
(55455, 803, 6476, 199, 1311),
(55456, 790, 6478, 199, 1395),
(55457, 791, 6478, 199, 1402),
(55458, 792, 6478, 199, 1408),
(55459, 793, 6477, 199, 1330),
(55460, 793, 6478, 199, 1410),
(55461, 793, 6479, 199, 1440),
(55462, 794, 6477, 199, 1333),
(55463, 794, 6478, 199, 1413),
(55464, 794, 6479, 199, 3),
(55465, 796, 6477, 199, 1336),
(55466, 796, 6478, 199, 1416),
(55467, 796, 6479, 199, 6),
(55468, 798, 6477, 199, 1340),
(55469, 798, 6478, 199, 1420),
(55470, 798, 6479, 199, 10),
(55471, 799, 6477, 199, 1346),
(55472, 799, 6478, 199, 1426),
(55473, 799, 6479, 199, 16),
(55474, 800, 6477, 199, 1351),
(55475, 800, 6478, 199, 1431),
(55476, 800, 6479, 199, 21),
(55477, 801, 6477, 199, 1352),
(55478, 801, 6478, 199, 1432),
(55479, 801, 6479, 199, 22),
(55480, 802, 6477, 199, 1362),
(55481, 802, 6478, 199, 2),
(55482, 802, 6479, 199, 32),
(55483, 803, 6477, 199, 1371),
(55484, 803, 6478, 199, 11),
(55485, 803, 6479, 199, 41),
(55486, 793, 6480, 200, 449),
(55487, 793, 6481, 200, 509),
(55488, 793, 6482, 200, 569),
(55489, 793, 6483, 200, 629),
(55490, 793, 6484, 200, 689),
(55491, 793, 6485, 200, 749),
(55492, 793, 6486, 200, 809),
(55493, 793, 6487, 200, 869),
(55494, 793, 6488, 200, 929),
(55495, 793, 6489, 200, 1005),
(55496, 793, 6490, 200, 1073),
(55497, 793, 6491, 200, 1145),
(55498, 794, 6480, 200, 452),
(55499, 794, 6481, 200, 512),
(55500, 794, 6482, 200, 572),
(55501, 794, 6483, 200, 632),
(55502, 794, 6484, 200, 692),
(55503, 794, 6485, 200, 752),
(55504, 794, 6486, 200, 812),
(55505, 794, 6487, 200, 872),
(55506, 794, 6488, 200, 932),
(55507, 794, 6489, 200, 1008),
(55508, 794, 6490, 200, 1076),
(55509, 794, 6491, 200, 1148),
(55510, 796, 6480, 200, 455),
(55511, 796, 6481, 200, 515),
(55512, 796, 6482, 200, 575),
(55513, 796, 6483, 200, 635),
(55514, 796, 6484, 200, 695),
(55515, 796, 6485, 200, 755),
(55516, 796, 6486, 200, 815),
(55517, 796, 6487, 200, 875),
(55518, 796, 6488, 200, 935),
(55519, 796, 6489, 200, 1011),
(55520, 796, 6490, 200, 1079),
(55521, 796, 6491, 200, 1151),
(55522, 798, 6480, 200, 460),
(55523, 798, 6481, 200, 520),
(55524, 798, 6482, 200, 580),
(55525, 798, 6483, 200, 640),
(55526, 798, 6484, 200, 700),
(55527, 798, 6485, 200, 760),
(55528, 798, 6486, 200, 820),
(55529, 798, 6487, 200, 880),
(55530, 798, 6488, 200, 940),
(55531, 798, 6489, 200, 1016),
(55532, 798, 6490, 200, 1084),
(55533, 798, 6491, 200, 1156),
(55534, 799, 6480, 200, 469),
(55535, 799, 6481, 200, 529),
(55536, 799, 6482, 200, 589),
(55537, 799, 6483, 200, 649),
(55538, 799, 6484, 200, 709),
(55539, 799, 6485, 200, 769),
(55540, 799, 6486, 200, 829),
(55541, 799, 6487, 200, 889),
(55542, 799, 6488, 200, 949),
(55543, 799, 6489, 200, 1025),
(55544, 799, 6490, 200, 1093),
(55545, 799, 6491, 200, 1165),
(55546, 800, 6480, 200, 475),
(55547, 800, 6481, 200, 535),
(55548, 800, 6482, 200, 595),
(55549, 800, 6483, 200, 655),
(55550, 800, 6484, 200, 715),
(55551, 800, 6485, 200, 775),
(55552, 800, 6486, 200, 835),
(55553, 800, 6487, 200, 895),
(55554, 800, 6488, 200, 955),
(55555, 800, 6489, 200, 1031),
(55556, 800, 6490, 200, 1099),
(55557, 800, 6491, 200, 1171),
(55558, 801, 6480, 200, 477),
(55559, 801, 6481, 200, 537),
(55560, 801, 6482, 200, 597),
(55561, 801, 6483, 200, 657),
(55562, 801, 6484, 200, 717),
(55563, 801, 6485, 200, 777),
(55564, 801, 6486, 200, 837),
(55565, 801, 6487, 200, 897),
(55566, 801, 6488, 200, 957),
(55567, 801, 6489, 200, 1033),
(55568, 801, 6490, 200, 1101),
(55569, 801, 6491, 200, 1172),
(55570, 802, 6480, 200, 488),
(55571, 802, 6481, 200, 548),
(55572, 802, 6482, 200, 608),
(55573, 802, 6483, 200, 668),
(55574, 802, 6484, 200, 728),
(55575, 802, 6485, 200, 788),
(55576, 802, 6486, 200, 848),
(55577, 802, 6487, 200, 908),
(55578, 802, 6488, 200, 968),
(55579, 802, 6489, 200, 1044),
(55580, 802, 6490, 200, 1112),
(55581, 802, 6491, 200, 1182),
(55582, 803, 6480, 200, 499),
(55583, 803, 6481, 200, 559),
(55584, 803, 6482, 200, 619),
(55585, 803, 6483, 200, 679),
(55586, 803, 6484, 200, 739),
(55587, 803, 6485, 200, 799),
(55588, 803, 6486, 200, 859),
(55589, 803, 6487, 200, 919),
(55590, 803, 6488, 200, 979),
(55591, 803, 6489, 200, 1055),
(55592, 803, 6490, 200, 1123),
(55593, 803, 6491, 200, 1191),
(55594, 790, 6495, 200, 1395),
(55595, 791, 6495, 200, 1402),
(55596, 792, 6495, 200, 1408),
(55597, 793, 6492, 200, 1210),
(55598, 793, 6493, 200, 1270),
(55599, 793, 6494, 200, 1330),
(55600, 793, 6495, 200, 1410),
(55601, 793, 6496, 200, 1440),
(55602, 794, 6492, 200, 1213),
(55603, 794, 6493, 200, 1273),
(55604, 794, 6494, 200, 1333),
(55605, 794, 6495, 200, 1413),
(55606, 794, 6496, 200, 3),
(55607, 796, 6492, 200, 1216),
(55608, 796, 6493, 200, 1276),
(55609, 796, 6494, 200, 1336),
(55610, 796, 6495, 200, 1416),
(55611, 796, 6496, 200, 6),
(55612, 798, 6492, 200, 1220),
(55613, 798, 6493, 200, 1280),
(55614, 798, 6494, 200, 1340),
(55615, 798, 6495, 200, 1420),
(55616, 798, 6496, 200, 10),
(55617, 799, 6492, 200, 1226),
(55618, 799, 6493, 200, 1286),
(55619, 799, 6494, 200, 1346),
(55620, 799, 6495, 200, 1426),
(55621, 799, 6496, 200, 16),
(55622, 800, 6492, 200, 1231),
(55623, 800, 6493, 200, 1291),
(55624, 800, 6494, 200, 1351),
(55625, 800, 6495, 200, 1431),
(55626, 800, 6496, 200, 21),
(55627, 801, 6492, 200, 1232),
(55628, 801, 6493, 200, 1292),
(55629, 801, 6494, 200, 1352),
(55630, 801, 6495, 200, 1432),
(55631, 801, 6496, 200, 22),
(55632, 802, 6492, 200, 1242),
(55633, 802, 6493, 200, 1302),
(55634, 802, 6494, 200, 1362),
(55635, 802, 6495, 200, 2),
(55636, 802, 6496, 200, 32),
(55637, 803, 6492, 200, 1251),
(55638, 803, 6493, 200, 1311),
(55639, 803, 6494, 200, 1371),
(55640, 803, 6495, 200, 11),
(55641, 803, 6496, 200, 41),
(55642, 793, 6497, 201, 585),
(55643, 793, 6498, 201, 645),
(55644, 793, 6499, 201, 705),
(55645, 793, 6500, 201, 765),
(55646, 793, 6501, 201, 825),
(55647, 793, 6502, 201, 885),
(55648, 793, 6503, 201, 945),
(55649, 793, 6504, 201, 1005),
(55650, 793, 6505, 201, 1065),
(55651, 793, 6506, 201, 1125),
(55652, 793, 6507, 201, 1170),
(55653, 793, 6508, 201, 1230),
(55654, 793, 6509, 201, 1290),
(55655, 793, 6510, 201, 1350),
(55656, 793, 6511, 201, 1395),
(55657, 794, 6497, 201, 588),
(55658, 794, 6498, 201, 648),
(55659, 794, 6499, 201, 708),
(55660, 794, 6500, 201, 768),
(55661, 794, 6501, 201, 828),
(55662, 794, 6502, 201, 888),
(55663, 794, 6503, 201, 948),
(55664, 794, 6504, 201, 1008),
(55665, 794, 6505, 201, 1068),
(55666, 794, 6506, 201, 1128),
(55667, 794, 6507, 201, 1173),
(55668, 794, 6508, 201, 1233),
(55669, 794, 6509, 201, 1293),
(55670, 794, 6510, 201, 1353),
(55671, 794, 6511, 201, 1398),
(55672, 796, 6497, 201, 591),
(55673, 796, 6498, 201, 651),
(55674, 796, 6499, 201, 711),
(55675, 796, 6500, 201, 771),
(55676, 796, 6501, 201, 831),
(55677, 796, 6502, 201, 891),
(55678, 796, 6503, 201, 951),
(55679, 796, 6504, 201, 1011),
(55680, 796, 6505, 201, 1071),
(55681, 796, 6506, 201, 1131),
(55682, 796, 6507, 201, 1176),
(55683, 796, 6508, 201, 1236),
(55684, 796, 6509, 201, 1296),
(55685, 796, 6510, 201, 1356),
(55686, 796, 6511, 201, 1401),
(55687, 798, 6497, 201, 596),
(55688, 798, 6498, 201, 656),
(55689, 798, 6499, 201, 716),
(55690, 798, 6500, 201, 776),
(55691, 798, 6501, 201, 836),
(55692, 798, 6502, 201, 896),
(55693, 798, 6503, 201, 956),
(55694, 798, 6504, 201, 1016),
(55695, 798, 6505, 201, 1075),
(55696, 798, 6506, 201, 1135),
(55697, 798, 6507, 201, 1180),
(55698, 798, 6508, 201, 1240),
(55699, 798, 6509, 201, 1300),
(55700, 798, 6510, 201, 1360),
(55701, 798, 6511, 201, 1405),
(55702, 799, 6497, 201, 605),
(55703, 799, 6498, 201, 665),
(55704, 799, 6499, 201, 725),
(55705, 799, 6500, 201, 785),
(55706, 799, 6501, 201, 845),
(55707, 799, 6502, 201, 905),
(55708, 799, 6503, 201, 965),
(55709, 799, 6504, 201, 1025),
(55710, 799, 6505, 201, 1081),
(55711, 799, 6506, 201, 1141),
(55712, 799, 6507, 201, 1186),
(55713, 799, 6508, 201, 1246),
(55714, 799, 6509, 201, 1306),
(55715, 799, 6510, 201, 1366),
(55716, 799, 6511, 201, 1411),
(55717, 800, 6497, 201, 611),
(55718, 800, 6498, 201, 671),
(55719, 800, 6499, 201, 731),
(55720, 800, 6500, 201, 791),
(55721, 800, 6501, 201, 851),
(55722, 800, 6502, 201, 911),
(55723, 800, 6503, 201, 971),
(55724, 800, 6504, 201, 1030),
(55725, 800, 6505, 201, 1086),
(55726, 800, 6506, 201, 1146),
(55727, 800, 6507, 201, 1191),
(55728, 800, 6508, 201, 1251),
(55729, 800, 6509, 201, 1311),
(55730, 800, 6510, 201, 1371),
(55731, 800, 6511, 201, 1416),
(55732, 801, 6497, 201, 613),
(55733, 801, 6498, 201, 673),
(55734, 801, 6499, 201, 733),
(55735, 801, 6500, 201, 793),
(55736, 801, 6501, 201, 853),
(55737, 801, 6502, 201, 913),
(55738, 801, 6503, 201, 973),
(55739, 801, 6504, 201, 1031),
(55740, 801, 6505, 201, 1087),
(55741, 801, 6506, 201, 1147),
(55742, 801, 6507, 201, 1192),
(55743, 801, 6508, 201, 1252),
(55744, 801, 6509, 201, 1312),
(55745, 801, 6510, 201, 1372),
(55746, 801, 6511, 201, 1417),
(55747, 802, 6497, 201, 624),
(55748, 802, 6498, 201, 684),
(55749, 802, 6499, 201, 744),
(55750, 802, 6500, 201, 804),
(55751, 802, 6501, 201, 864),
(55752, 802, 6502, 201, 924),
(55753, 802, 6503, 201, 984),
(55754, 802, 6504, 201, 1041),
(55755, 802, 6505, 201, 1097),
(55756, 802, 6506, 201, 1157),
(55757, 802, 6507, 201, 1202),
(55758, 802, 6508, 201, 1262),
(55759, 802, 6509, 201, 1322),
(55760, 802, 6510, 201, 1382),
(55761, 802, 6511, 201, 1427),
(55762, 803, 6497, 201, 635),
(55763, 803, 6498, 201, 695),
(55764, 803, 6499, 201, 755),
(55765, 803, 6500, 201, 815),
(55766, 803, 6501, 201, 875),
(55767, 803, 6502, 201, 935),
(55768, 803, 6503, 201, 995),
(55769, 803, 6504, 201, 1050),
(55770, 803, 6505, 201, 1106),
(55771, 803, 6506, 201, 1166),
(55772, 803, 6507, 201, 1211),
(55773, 803, 6508, 201, 1271),
(55774, 803, 6509, 201, 1331),
(55775, 803, 6510, 201, 1391),
(55776, 803, 6511, 201, 1436),
(55777, 804, 6513, 202, 375),
(55778, 804, 6514, 202, 412),
(55779, 804, 6515, 202, 445),
(55780, 804, 6516, 202, 502),
(55781, 804, 6517, 202, 570),
(55782, 804, 6518, 202, 630),
(55783, 804, 6519, 202, 690),
(55784, 804, 6520, 202, 750),
(55785, 804, 6521, 202, 810),
(55786, 804, 6522, 202, 870),
(55787, 805, 6513, 202, 384),
(55788, 805, 6514, 202, 421),
(55789, 805, 6515, 202, 457),
(55790, 805, 6516, 202, 517),
(55791, 805, 6517, 202, 582),
(55792, 805, 6518, 202, 642),
(55793, 805, 6519, 202, 702),
(55794, 805, 6520, 202, 762),
(55795, 805, 6521, 202, 822),
(55796, 805, 6522, 202, 882),
(55797, 806, 6513, 202, 394),
(55798, 806, 6514, 202, 431),
(55799, 806, 6515, 202, 468),
(55800, 806, 6516, 202, 533),
(55801, 806, 6517, 202, 593),
(55802, 806, 6518, 202, 653),
(55803, 806, 6519, 202, 713),
(55804, 806, 6520, 202, 773),
(55805, 806, 6521, 202, 833),
(55806, 806, 6522, 202, 893),
(55807, 807, 6513, 202, 396),
(55808, 807, 6514, 202, 433),
(55809, 807, 6515, 202, 471),
(55810, 807, 6516, 202, 536),
(55811, 807, 6517, 202, 596),
(55812, 807, 6518, 202, 656),
(55813, 807, 6519, 202, 716),
(55814, 807, 6520, 202, 776),
(55815, 807, 6521, 202, 836),
(55816, 807, 6522, 202, 896),
(55817, 808, 6513, 202, 399),
(55818, 808, 6514, 202, 438),
(55819, 808, 6515, 202, 477),
(55820, 808, 6516, 202, 542),
(55821, 808, 6517, 202, 602),
(55822, 808, 6518, 202, 662),
(55823, 808, 6519, 202, 722),
(55824, 808, 6520, 202, 782),
(55825, 808, 6521, 202, 842),
(55826, 808, 6522, 202, 902),
(55827, 809, 6513, 202, 405),
(55828, 809, 6514, 202, 449),
(55829, 809, 6515, 202, 488),
(55830, 809, 6516, 202, 553),
(55831, 809, 6517, 202, 613),
(55832, 809, 6518, 202, 673),
(55833, 809, 6519, 202, 733),
(55834, 809, 6520, 202, 793),
(55835, 809, 6521, 202, 853),
(55836, 809, 6522, 202, 913),
(55837, 810, 6512, 202, 373),
(55838, 811, 6512, 202, 376),
(55839, 811, 6513, 202, 409),
(55840, 811, 6514, 202, 454),
(55841, 811, 6515, 202, 493),
(55842, 811, 6516, 202, 558),
(55843, 811, 6517, 202, 618),
(55844, 811, 6518, 202, 678),
(55845, 811, 6519, 202, 738),
(55846, 811, 6520, 202, 798),
(55847, 811, 6521, 202, 858),
(55848, 811, 6522, 202, 918),
(55849, 813, 6512, 202, 379),
(55850, 813, 6513, 202, 412),
(55851, 813, 6514, 202, 457),
(55852, 813, 6515, 202, 496),
(55853, 813, 6516, 202, 561),
(55854, 813, 6517, 202, 621),
(55855, 813, 6518, 202, 681),
(55856, 813, 6519, 202, 741),
(55857, 813, 6520, 202, 801),
(55858, 813, 6521, 202, 861),
(55859, 813, 6522, 202, 921),
(55860, 814, 6512, 202, 382),
(55861, 814, 6513, 202, 415),
(55862, 814, 6514, 202, 460),
(55863, 814, 6515, 202, 499),
(55864, 814, 6516, 202, 564),
(55865, 814, 6517, 202, 624),
(55866, 814, 6518, 202, 684),
(55867, 814, 6519, 202, 744),
(55868, 814, 6520, 202, 804),
(55869, 814, 6521, 202, 864),
(55870, 814, 6522, 202, 924),
(55871, 804, 6523, 202, 945),
(55872, 804, 6524, 202, 1005),
(55873, 804, 6525, 202, 1080),
(55874, 804, 6526, 202, 1155),
(55875, 804, 6527, 202, 1215),
(55876, 804, 6528, 202, 1275),
(55877, 804, 6529, 202, 1335),
(55878, 804, 6530, 202, 1395),
(55879, 805, 6523, 202, 957),
(55880, 805, 6524, 202, 1018),
(55881, 805, 6525, 202, 1093),
(55882, 805, 6526, 202, 1164),
(55883, 805, 6527, 202, 1224),
(55884, 805, 6528, 202, 1284),
(55885, 805, 6529, 202, 1344),
(55886, 805, 6530, 202, 1404),
(55887, 806, 6523, 202, 968),
(55888, 806, 6524, 202, 1030),
(55889, 806, 6525, 202, 1105),
(55890, 806, 6526, 202, 1174),
(55891, 806, 6527, 202, 1234),
(55892, 806, 6528, 202, 1294),
(55893, 806, 6529, 202, 1354),
(55894, 806, 6530, 202, 1414),
(55895, 807, 6523, 202, 970),
(55896, 807, 6524, 202, 1032),
(55897, 807, 6525, 202, 1107),
(55898, 807, 6526, 202, 1176),
(55899, 807, 6527, 202, 1236),
(55900, 807, 6528, 202, 1296),
(55901, 807, 6529, 202, 1356),
(55902, 807, 6530, 202, 1416),
(55903, 808, 6523, 202, 976),
(55904, 808, 6524, 202, 1038),
(55905, 808, 6525, 202, 1113),
(55906, 808, 6526, 202, 1181),
(55907, 808, 6527, 202, 1241),
(55908, 808, 6528, 202, 1301),
(55909, 808, 6529, 202, 1361),
(55910, 808, 6530, 202, 1421),
(55911, 809, 6523, 202, 984),
(55912, 809, 6524, 202, 1046),
(55913, 809, 6525, 202, 1120),
(55914, 809, 6526, 202, 1187),
(55915, 809, 6527, 202, 1247),
(55916, 809, 6528, 202, 1307),
(55917, 809, 6529, 202, 1367),
(55918, 809, 6530, 202, 1427),
(55919, 811, 6523, 202, 989),
(55920, 811, 6524, 202, 1051),
(55921, 811, 6525, 202, 1125),
(55922, 811, 6526, 202, 1191),
(55923, 811, 6527, 202, 1251),
(55924, 811, 6528, 202, 1311),
(55925, 811, 6529, 202, 1371),
(55926, 811, 6530, 202, 1431),
(55927, 813, 6523, 202, 992),
(55928, 813, 6524, 202, 1054),
(55929, 813, 6525, 202, 1128),
(55930, 813, 6526, 202, 1194),
(55931, 813, 6527, 202, 1254),
(55932, 813, 6528, 202, 1314),
(55933, 813, 6529, 202, 1374),
(55934, 813, 6530, 202, 1434),
(55935, 814, 6523, 202, 995),
(55936, 814, 6524, 202, 1057),
(55937, 814, 6525, 202, 1131),
(55938, 814, 6526, 202, 1197),
(55939, 814, 6527, 202, 1257),
(55940, 814, 6528, 202, 1317),
(55941, 814, 6529, 202, 1377),
(55942, 814, 6530, 202, 1437),
(55943, 815, 6529, 202, 1379),
(55944, 816, 6529, 202, 1385),
(55945, 817, 6529, 202, 1392),
(55946, 804, 6531, 203, 405),
(55947, 804, 6532, 203, 465),
(55948, 804, 6533, 203, 510),
(55949, 804, 6534, 203, 570),
(55950, 804, 6535, 203, 630),
(55951, 804, 6536, 203, 690),
(55952, 804, 6537, 203, 750),
(55953, 804, 6538, 203, 810),
(55954, 804, 6539, 203, 870),
(55955, 804, 6540, 203, 945),
(55956, 805, 6531, 203, 414),
(55957, 805, 6532, 203, 474),
(55958, 805, 6533, 203, 522),
(55959, 805, 6534, 203, 582),
(55960, 805, 6535, 203, 642),
(55961, 805, 6536, 203, 702),
(55962, 805, 6537, 203, 762),
(55963, 805, 6538, 203, 822),
(55964, 805, 6539, 203, 882),
(55965, 805, 6540, 203, 957),
(55966, 806, 6531, 203, 424),
(55967, 806, 6532, 203, 484),
(55968, 806, 6533, 203, 533),
(55969, 806, 6534, 203, 593),
(55970, 806, 6535, 203, 653),
(55971, 806, 6536, 203, 713),
(55972, 806, 6537, 203, 773),
(55973, 806, 6538, 203, 833),
(55974, 806, 6539, 203, 893),
(55975, 806, 6540, 203, 968),
(55976, 807, 6531, 203, 426),
(55977, 807, 6532, 203, 486),
(55978, 807, 6533, 203, 536),
(55979, 807, 6534, 203, 596),
(55980, 807, 6535, 203, 656),
(55981, 807, 6536, 203, 716),
(55982, 807, 6537, 203, 776),
(55983, 807, 6538, 203, 836),
(55984, 807, 6539, 203, 896),
(55985, 807, 6540, 203, 970),
(55986, 808, 6531, 203, 431),
(55987, 808, 6532, 203, 491),
(55988, 808, 6533, 203, 542),
(55989, 808, 6534, 203, 602),
(55990, 808, 6535, 203, 662),
(55991, 808, 6536, 203, 722),
(55992, 808, 6537, 203, 782),
(55993, 808, 6538, 203, 842),
(55994, 808, 6539, 203, 902),
(55995, 808, 6540, 203, 976),
(55996, 809, 6531, 203, 437),
(55997, 809, 6532, 203, 497),
(55998, 809, 6533, 203, 553),
(55999, 809, 6534, 203, 613),
(56000, 809, 6535, 203, 673),
(56001, 809, 6536, 203, 733),
(56002, 809, 6537, 203, 793),
(56003, 809, 6538, 203, 853),
(56004, 809, 6539, 203, 913),
(56005, 809, 6540, 203, 984),
(56006, 811, 6531, 203, 441),
(56007, 811, 6532, 203, 501),
(56008, 811, 6533, 203, 558),
(56009, 811, 6534, 203, 618),
(56010, 811, 6535, 203, 678),
(56011, 811, 6536, 203, 738),
(56012, 811, 6537, 203, 798),
(56013, 811, 6538, 203, 858),
(56014, 811, 6539, 203, 918),
(56015, 811, 6540, 203, 989),
(56016, 813, 6531, 203, 444),
(56017, 813, 6532, 203, 504),
(56018, 813, 6533, 203, 561),
(56019, 813, 6534, 203, 621),
(56020, 813, 6535, 203, 681),
(56021, 813, 6536, 203, 741),
(56022, 813, 6537, 203, 801),
(56023, 813, 6538, 203, 861),
(56024, 813, 6539, 203, 921),
(56025, 813, 6540, 203, 992),
(56026, 814, 6531, 203, 447),
(56027, 814, 6532, 203, 507),
(56028, 814, 6533, 203, 564),
(56029, 814, 6534, 203, 624),
(56030, 814, 6535, 203, 684),
(56031, 814, 6536, 203, 744),
(56032, 814, 6537, 203, 804),
(56033, 814, 6538, 203, 864),
(56034, 814, 6539, 203, 924),
(56035, 814, 6540, 203, 995),
(56036, 804, 6541, 203, 1005),
(56037, 804, 6542, 203, 1080),
(56038, 804, 6543, 203, 1155),
(56039, 804, 6544, 203, 1215),
(56040, 804, 6545, 203, 1275),
(56041, 804, 6546, 203, 1335),
(56042, 804, 6547, 203, 1395),
(56043, 805, 6541, 203, 1017),
(56044, 805, 6542, 203, 1092),
(56045, 805, 6543, 203, 1164),
(56046, 805, 6544, 203, 1224),
(56047, 805, 6545, 203, 1284),
(56048, 805, 6546, 203, 1344),
(56049, 805, 6547, 203, 1404),
(56050, 806, 6541, 203, 1028),
(56051, 806, 6542, 203, 1103),
(56052, 806, 6543, 203, 1174),
(56053, 806, 6544, 203, 1234),
(56054, 806, 6545, 203, 1294),
(56055, 806, 6546, 203, 1354),
(56056, 806, 6547, 203, 1414),
(56057, 807, 6541, 203, 1030),
(56058, 807, 6542, 203, 1105),
(56059, 807, 6543, 203, 1176),
(56060, 807, 6544, 203, 1236),
(56061, 807, 6545, 203, 1296),
(56062, 807, 6546, 203, 1356),
(56063, 807, 6547, 203, 1416),
(56064, 808, 6541, 203, 1036),
(56065, 808, 6542, 203, 1110),
(56066, 808, 6543, 203, 1181),
(56067, 808, 6544, 203, 1241),
(56068, 808, 6545, 203, 1301),
(56069, 808, 6546, 203, 1361),
(56070, 808, 6547, 203, 1421),
(56071, 809, 6541, 203, 1044),
(56072, 809, 6542, 203, 1116),
(56073, 809, 6543, 203, 1187),
(56074, 809, 6544, 203, 1247),
(56075, 809, 6545, 203, 1307),
(56076, 809, 6546, 203, 1367),
(56077, 809, 6547, 203, 1427),
(56078, 811, 6541, 203, 1049),
(56079, 811, 6542, 203, 1120),
(56080, 811, 6543, 203, 1191),
(56081, 811, 6544, 203, 1251),
(56082, 811, 6545, 203, 1311),
(56083, 811, 6546, 203, 1371),
(56084, 811, 6547, 203, 1431),
(56085, 813, 6541, 203, 1052),
(56086, 813, 6542, 203, 1123),
(56087, 813, 6543, 203, 1194),
(56088, 813, 6544, 203, 1254),
(56089, 813, 6545, 203, 1314),
(56090, 813, 6546, 203, 1374),
(56091, 813, 6547, 203, 1434),
(56092, 814, 6541, 203, 1055),
(56093, 814, 6542, 203, 1126),
(56094, 814, 6543, 203, 1197),
(56095, 814, 6544, 203, 1257),
(56096, 814, 6545, 203, 1317),
(56097, 814, 6546, 203, 1377),
(56098, 814, 6547, 203, 1437),
(56099, 815, 6546, 203, 1379),
(56100, 816, 6546, 203, 1385),
(56101, 817, 6546, 203, 1392),
(56102, 804, 6548, 204, 525),
(56103, 804, 6549, 204, 585),
(56104, 804, 6550, 204, 645),
(56105, 804, 6551, 204, 705),
(56106, 804, 6552, 204, 765),
(56107, 804, 6553, 204, 825),
(56108, 804, 6554, 204, 885),
(56109, 804, 6555, 204, 945),
(56110, 804, 6556, 204, 1005),
(56111, 804, 6557, 204, 1065),
(56112, 804, 6558, 204, 1125),
(56113, 804, 6559, 204, 1185),
(56114, 804, 6560, 204, 1230),
(56115, 804, 6561, 204, 1290),
(56116, 804, 6562, 204, 1350),
(56117, 805, 6548, 204, 537),
(56118, 805, 6549, 204, 597),
(56119, 805, 6550, 204, 657),
(56120, 805, 6551, 204, 717),
(56121, 805, 6552, 204, 777),
(56122, 805, 6553, 204, 837),
(56123, 805, 6554, 204, 897),
(56124, 805, 6555, 204, 957),
(56125, 805, 6556, 204, 1017),
(56126, 805, 6557, 204, 1077),
(56127, 805, 6558, 204, 1134),
(56128, 805, 6559, 204, 1194),
(56129, 805, 6560, 204, 1239),
(56130, 805, 6561, 204, 1299),
(56131, 805, 6562, 204, 1359),
(56132, 806, 6548, 204, 548),
(56133, 806, 6549, 204, 608),
(56134, 806, 6550, 204, 668),
(56135, 806, 6551, 204, 728),
(56136, 806, 6552, 204, 788),
(56137, 806, 6553, 204, 848),
(56138, 806, 6554, 204, 908),
(56139, 806, 6555, 204, 968),
(56140, 806, 6556, 204, 1028),
(56141, 806, 6557, 204, 1088),
(56142, 806, 6558, 204, 1144),
(56143, 806, 6559, 204, 1204),
(56144, 806, 6560, 204, 1249),
(56145, 806, 6561, 204, 1309),
(56146, 806, 6562, 204, 1369),
(56147, 807, 6548, 204, 551),
(56148, 807, 6549, 204, 611),
(56149, 807, 6550, 204, 671),
(56150, 807, 6551, 204, 731),
(56151, 807, 6552, 204, 791),
(56152, 807, 6553, 204, 851),
(56153, 807, 6554, 204, 911),
(56154, 807, 6555, 204, 971),
(56155, 807, 6556, 204, 1031),
(56156, 807, 6557, 204, 1091),
(56157, 807, 6558, 204, 1146),
(56158, 807, 6559, 204, 1206),
(56159, 807, 6560, 204, 1251),
(56160, 807, 6561, 204, 1311),
(56161, 807, 6562, 204, 1371),
(56162, 808, 6548, 204, 557),
(56163, 808, 6549, 204, 617),
(56164, 808, 6550, 204, 677),
(56165, 808, 6551, 204, 737),
(56166, 808, 6552, 204, 797),
(56167, 808, 6553, 204, 857),
(56168, 808, 6554, 204, 917),
(56169, 808, 6555, 204, 977),
(56170, 808, 6556, 204, 1037),
(56171, 808, 6557, 204, 1097),
(56172, 808, 6558, 204, 1151),
(56173, 808, 6559, 204, 1211),
(56174, 808, 6560, 204, 1256),
(56175, 808, 6561, 204, 1316),
(56176, 808, 6562, 204, 1376),
(56177, 809, 6548, 204, 568),
(56178, 809, 6549, 204, 628),
(56179, 809, 6550, 204, 688),
(56180, 809, 6551, 204, 748),
(56181, 809, 6552, 204, 808),
(56182, 809, 6553, 204, 868),
(56183, 809, 6554, 204, 928),
(56184, 809, 6555, 204, 988),
(56185, 809, 6556, 204, 1048),
(56186, 809, 6557, 204, 1108),
(56187, 809, 6558, 204, 1157),
(56188, 809, 6559, 204, 1217),
(56189, 809, 6560, 204, 1262),
(56190, 809, 6561, 204, 1322),
(56191, 809, 6562, 204, 1382),
(56192, 811, 6548, 204, 573),
(56193, 811, 6549, 204, 633),
(56194, 811, 6550, 204, 693),
(56195, 811, 6551, 204, 753),
(56196, 811, 6552, 204, 813),
(56197, 811, 6553, 204, 873),
(56198, 811, 6554, 204, 933),
(56199, 811, 6555, 204, 993),
(56200, 811, 6556, 204, 1053),
(56201, 811, 6557, 204, 1113),
(56202, 811, 6558, 204, 1161),
(56203, 811, 6559, 204, 1221),
(56204, 811, 6560, 204, 1266),
(56205, 811, 6561, 204, 1326),
(56206, 811, 6562, 204, 1386),
(56207, 813, 6548, 204, 576),
(56208, 813, 6549, 204, 636),
(56209, 813, 6550, 204, 696),
(56210, 813, 6551, 204, 756),
(56211, 813, 6552, 204, 816),
(56212, 813, 6553, 204, 876),
(56213, 813, 6554, 204, 936),
(56214, 813, 6555, 204, 996),
(56215, 813, 6556, 204, 1056),
(56216, 813, 6557, 204, 1116),
(56217, 813, 6558, 204, 1164),
(56218, 813, 6559, 204, 1224),
(56219, 813, 6560, 204, 1269),
(56220, 813, 6561, 204, 1329),
(56221, 813, 6562, 204, 1389),
(56222, 814, 6548, 204, 579),
(56223, 814, 6549, 204, 639),
(56224, 814, 6550, 204, 699),
(56225, 814, 6551, 204, 759),
(56226, 814, 6552, 204, 819),
(56227, 814, 6553, 204, 879),
(56228, 814, 6554, 204, 939),
(56229, 814, 6555, 204, 999),
(56230, 814, 6556, 204, 1059),
(56231, 814, 6557, 204, 1119),
(56232, 814, 6558, 204, 1167),
(56233, 814, 6559, 204, 1227),
(56234, 814, 6560, 204, 1272),
(56235, 814, 6561, 204, 1332),
(56236, 814, 6562, 204, 1392);

